{"id":4482,"date":"2017-09-07T11:28:04","date_gmt":"2017-09-07T15:28:04","guid":{"rendered":"https:\/\/spa-quebec.ca\/ancien-site\/?page_id=4482"},"modified":"2021-06-16T14:01:37","modified_gmt":"2021-06-16T18:01:37","slug":"mission","status":"publish","type":"page","link":"https:\/\/spa-quebec.ca\/ancien-site\/a-propos\/mission\/","title":{"rendered":"Mission"},"content":{"rendered":"<style type=\"text\/css\"><\/style><h2>Mission<img loading=\"lazy\" decoding=\"async\" class=\"size-medium wp-image-8331 alignright\" src=\"https:\/\/spa-quebec.ca\/ancien-site\/wp-content\/uploads\/2021\/06\/CanaDon-SPA-2-Pacha-300x300.png\" alt=\"\" width=\"300\" height=\"300\" srcset=\"https:\/\/spa-quebec.ca\/ancien-site\/wp-content\/uploads\/2021\/06\/CanaDon-SPA-2-Pacha-300x300.png 300w, https:\/\/spa-quebec.ca\/ancien-site\/wp-content\/uploads\/2021\/06\/CanaDon-SPA-2-Pacha-150x150.png 150w, https:\/\/spa-quebec.ca\/ancien-site\/wp-content\/uploads\/2021\/06\/CanaDon-SPA-2-Pacha-55x55.png 55w, https:\/\/spa-quebec.ca\/ancien-site\/wp-content\/uploads\/2021\/06\/CanaDon-SPA-2-Pacha-250x250.png 250w, https:\/\/spa-quebec.ca\/ancien-site\/wp-content\/uploads\/2021\/06\/CanaDon-SPA-2-Pacha.png 400w\" sizes=\"auto, (max-width: 300px) 100vw, 300px\" \/><\/h2>\n<p>Comme le nom de l\u2019organisme l\u2019indique, son r\u00f4le d\u2019origine \u00e9tait principalement ax\u00e9 sur la pr\u00e9vention de la cruaut\u00e9 envers les animaux.\u00a0 Ce r\u00f4le s\u2019est consid\u00e9rablement \u00e9largi, de sorte que la SPA assume maintenant une v\u00e9ritable vocation d\u2019utilit\u00e9 publique :<\/p>\n<p><strong>Sur appel de citoyens ou des services de police ;<\/strong><\/p>\n<ul>\n<li>Cueillir des animaux perdus, errants, bless\u00e9s et en retracer les propri\u00e9taires, si possible (lesdits propri\u00e9taires ayant fait identifie l&rsquo;animal et\/ou signal\u00e9 la perte de l&rsquo;animal)<\/li>\n<li>Cueillir des animaux \u00e0 domicile<\/li>\n<li>Recevoir les animaux abandonn\u00e9s par leur gardien ou trouv\u00e9s par tout citoyen dans des villes desservies ;<\/li>\n<li>H\u00e9berger, nourrir, prodiguer des soins aux animaux pendant leur s\u00e9jour au refuge ;<\/li>\n<li>Mettre les animaux \u00e0 l\u2019adoption, afin de leur offrir toutes les chances possibles de se trouver un nouveau foyer ;<\/li>\n<li>Traiter les diverses plaintes, notamment pour des animaux errants ou pour de la cruaut\u00e9 ;<\/li>\n<li>Cueillir et relocaliser de petits animaux sauvages ;<\/li>\n<li>Prodiguer des conseils aux familles adoptives ;<\/li>\n<li>Sensibilisation et \u00e9ducation de la population.<\/li>\n<\/ul>\n<p>De nouveaux besoins se profilent et le r\u00f4le de la SPA continue de s\u2019\u00e9largir.<\/p>\n<p>L\u2019\u00e9nonc\u00e9 de la mission de la SPA n\u2019a gu\u00e8re chang\u00e9 depuis plusieurs ann\u00e9es :<\/p>\n<p><em>\u00a0\u00bbAm\u00e9liorer la qualit\u00e9 de vie des animaux domestiques en contribuant \u00e0 leur sant\u00e9, leur bien-\u00eatre et leur s\u00e9curit\u00e9 et ce, tout en \u00e9duquant et en sensibilisant la population \u00e0 l\u2019importance de la vie animale.\u00a0\u00bb<\/em><\/p>\n<p>La SPA a l\u2019ambition de devenir un organisme de r\u00e9f\u00e9rence, un guichet unique,\u00a0 pour tout ce qui concerne la question des animaux sur le territoire des villes qu\u2019elle dessert. \u00c0 long terme, la SPA pourrait se permettre de se prononcer sur des questions animales survenant sur tout territoire.<\/p>\n","protected":false},"excerpt":{"rendered":"<p>Mission Comme le nom de l\u2019organisme l\u2019indique, son r\u00f4le d\u2019origine \u00e9tait principalement ax\u00e9 sur la pr\u00e9vention de la cruaut\u00e9 envers les animaux.\u00a0 Ce r\u00f4le s\u2019est consid\u00e9rablement \u00e9largi, de sorte que la SPA assume maintenant une v\u00e9ritable vocation d\u2019utilit\u00e9 publique : Sur appel de citoyens ou des services de police ; Cueillir des animaux perdus, errants,&#8230;<\/p>\n","protected":false},"author":21,"featured_media":0,"parent":4473,"menu_order":0,"comment_status":"closed","ping_status":"closed","template":"","meta":{"_acf_changed":false,"footnotes":""},"class_list":["post-4482","page","type-page","status-publish","hentry"],"acf":[],"_links":{"self":[{"href":"https:\/\/spa-quebec.ca\/ancien-site\/wp-json\/wp\/v2\/pages\/4482","targetHints":{"allow":["GET"]}}],"collection":[{"href":"https:\/\/spa-quebec.ca\/ancien-site\/wp-json\/wp\/v2\/pages"}],"about":[{"href":"https:\/\/spa-quebec.ca\/ancien-site\/wp-json\/wp\/v2\/types\/page"}],"author":[{"embeddable":true,"href":"https:\/\/spa-quebec.ca\/ancien-site\/wp-json\/wp\/v2\/users\/21"}],"replies":[{"embeddable":true,"href":"https:\/\/spa-quebec.ca\/ancien-site\/wp-json\/wp\/v2\/comments?post=4482"}],"version-history":[{"count":0,"href":"https:\/\/spa-quebec.ca\/ancien-site\/wp-json\/wp\/v2\/pages\/4482\/revisions"}],"up":[{"embeddable":true,"href":"https:\/\/spa-quebec.ca\/ancien-site\/wp-json\/wp\/v2\/pages\/4473"}],"wp:attachment":[{"href":"https:\/\/spa-quebec.ca\/ancien-site\/wp-json\/wp\/v2\/media?parent=4482"}],"curies":[{"name":"wp","href":"https:\/\/api.w.org\/{rel}","templated":true}]}}