{"id":4496,"date":"2017-09-07T11:34:09","date_gmt":"2017-09-07T15:34:09","guid":{"rendered":"https:\/\/spa-quebec.ca\/ancien-site\/?page_id=4496"},"modified":"2025-01-15T14:00:44","modified_gmt":"2025-01-15T19:00:44","slug":"confiez-nous-votre-animal","status":"publish","type":"page","link":"https:\/\/spa-quebec.ca\/ancien-site\/services\/confiez-nous-votre-animal\/","title":{"rendered":"Confiez-nous votre animal"},"content":{"rendered":"<style type=\"text\/css\"><\/style><div id=\"cmsms_row_69e1314b5ba42\" class=\"cmsms_row cmsms_color_scheme_default\">\n<div class=\"cmsms_row_outer_parent\">\n<div class=\"cmsms_row_outer\">\n<div class=\"cmsms_row_inner\">\n<div class=\"cmsms_row_margin\">\n<div class=\"cmsms_column one_first\">\n<div class=\"cmsms_text\">\n<h3><span style=\"color: #ff0000;\">IMPORTANT : Les rendez-vous sont obligatoires pour les abandons et euthanasies. Merci de nous aider \u00e0 bien faire notre travail en respectant cette r\u00e8gle.<\/span><\/h3>\n<h3><span style=\"color: #ff0000;\">Prenez note qu&rsquo;en raison de la population \u00e0 la hausse au refuge, nous ne prenons pas d&rsquo;animaux abandonn\u00e9s provenant de territoires et villes qui ne sont pas \u00e0 contrat avec la SPA de Qu\u00e9bec. Merci!<\/span><\/h3>\n<\/div>\n<div class=\"cmsms_toggles toggles_mode_accordion\" data-animation=\"fadeInUp\" data-delay=\"50\">\n<div class=\"cmsms_toggle_wrap\" data-tags=\"all \">\n<div class=\"cmsms_toggle_title\">\n<span class=\"cmsms_toggle_plus\">\n<span class=\"cmsms_toggle_plus_hor\"><\/span>\n<span class=\"cmsms_toggle_plus_vert\"><\/span>\n<\/span>\n<a href=\"#\">Abandon sur rendez-vous<\/a>\n<\/div>\n<div class=\"cmsms_toggle\">\n<div class=\"cmsms_toggle_inner\">\n<p><strong>Si vous devez vous d\u00e9partir de votre animal et que vous d\u00e9sirez que la SPA lui trouve une nouvelle famille, il est maintenant possible de venir le porter durant nos <a href=\"https:\/\/spa-quebec.ca\/ancien-site\/nous-joindre\/\">heures d&rsquo;ouverture<\/a> en prenant rendez-vous avec la SPA.\u00a0<\/strong><strong>Vous devez communiquez avec la SPA au 418 527-9104<\/strong><strong>\u00a0et laissez vos coordonn\u00e9es. Un pr\u00e9pos\u00e9 communiquera avec vous pour d\u00e9terminer la journ\u00e9e et l\u2019heure o\u00f9 il sera possible de prendre en charge votre animal pour lui trouver une nouvelle famille.<\/strong><\/p>\n<p>Dans le cadre de sa mission, la SPA travaillera pour trouver une nouvelle famille adapt\u00e9e aux besoins de votre animal. D&rsquo;ailleurs, notre taux d&rsquo;adoption aux animaux jug\u00e9es propices \u00e0 l&rsquo;adoption est de 100%. Pour nous aider, nous vous demanderons de compl\u00e9ter un formulaire \u00a0\u00bbMieux me conna\u00eetre\u00a0\u00bb \u00e0 propos de votre animal.<\/p>\n<p>\u00c0 la SPA de Qu\u00e9bec, il y a\u00a02 types de placement d&rsquo;animal offerts :<\/p>\n<ul>\n<li><a href=\"https:\/\/spa-quebec.ca\/ancien-site\/placement-sans-reprise\/\" target=\"_blank\" rel=\"noopener\">Abandon pour placement \u00e0 l&rsquo;adoption<strong>\u00a0<\/strong>SANS reprise de l&rsquo;animal s&rsquo;il ne peut \u00eatre adopt\u00e9<\/a> ;<\/li>\n<li><a href=\"https:\/\/spa-quebec.ca\/ancien-site\/placement-avec-reprise\/\" target=\"_blank\" rel=\"noopener\">Abandon pour placement\u00a0\u00e0 l&rsquo;adoption\u00a0AVEC reprise de l&rsquo;animal s&rsquo;il ne peut \u00eatre adopt\u00e9<\/a> ; (+ 25$ s&rsquo;ajoutent aux tarifs normaux)<strong><br \/>\n<\/strong><\/li>\n<\/ul>\n<p>En vous pr\u00e9sentant au comptoir de la SPA, ou en communiquant par t\u00e9l\u00e9phone avec elle, une pr\u00e9pos\u00e9e pourra vous expliquer les modalit\u00e9s de chacune des options. Dans tous les cas, <strong>la SPA se r\u00e9serve par contre le droit de d\u00e9terminer si un animal est apte \u00e0 \u00eatre adopt\u00e9 lors de son arriv\u00e9e au refuge<\/strong>. Si l&rsquo;animal est jug\u00e9 non admissible pour l&rsquo;adoption, notre \u00e9quipe verra avec vous les options qui s&rsquo;offrent \u00e0 vous.<\/p>\n<p>&#8211;&gt; Si vous pensiez abandonner votre chat puisque vous \u00eates enceinte mesdames, SVP, lisez <a href=\"https:\/\/spa-quebec.ca\/ancien-site\/grossesse-et-abandon\/\">ceci<\/a>.<\/p>\n<\/div>\n<\/div>\n<\/div><div class=\"cmsms_toggle_wrap\" data-tags=\"all \">\n<div class=\"cmsms_toggle_title\">\n<span class=\"cmsms_toggle_plus\">\n<span class=\"cmsms_toggle_plus_hor\"><\/span>\n<span class=\"cmsms_toggle_plus_vert\"><\/span>\n<\/span>\n<a href=\"#\">Cueillette \u00e0 domicile<\/a>\n<\/div>\n<div class=\"cmsms_toggle\">\n<div class=\"cmsms_toggle_inner\">\n<p><strong>Pas de voiture ? Pas de probl\u00e8me!<\/strong><\/p>\n<p>Saviez-vous que la SPA de Qu\u00e9bec offre un service de cueillette \u00e0 domicile lorsque vous devez malheureusement vous d\u00e9partir de votre animal (abandon pour adoption, animal malade, animal d\u00e9c\u00e9d\u00e9, etc.) ?<\/p>\n<p>Que ce soit pour un chien de grande race, un chat ou m\u00eame un oiseau, il nous est possible d\u2019aller chercher votre animal directement chez vous. Nos tarifs sont abordables, certaines modalit\u00e9s s\u2019appliquent*.<\/p>\n<p>Pour obtenir des informations additionnelles sur ce service, contactez-nous par t\u00e9l\u00e9phone au 418-527-9104<\/p>\n<h6><sub>*Service disponible les apr\u00e8s-midi de semaine uniquement. Paiement requis avant le d\u00e9placement (Visa\/MasterCard). Un suppl\u00e9ment peut s\u2019appliquer pour des situations hors de l\u2019ordinaire.<\/sub><\/h6>\n<\/div>\n<\/div>\n<\/div><div class=\"cmsms_toggle_wrap\" data-tags=\"all \">\n<div class=\"cmsms_toggle_title\">\n<span class=\"cmsms_toggle_plus\">\n<span class=\"cmsms_toggle_plus_hor\"><\/span>\n<span class=\"cmsms_toggle_plus_vert\"><\/span>\n<\/span>\n<a href=\"#\">Compl\u00e9tez le mieux me conna\u00eetre <\/a>\n<\/div>\n<div class=\"cmsms_toggle\">\n<div class=\"cmsms_toggle_inner\">\n<p>Si vous avez d\u00e9cid\u00e9 de venir porter votre animal \u00e0 la SPA, nous vous conseillons d&rsquo;imprimer et remplir le formulaire <a href=\"https:\/\/spa-quebec.ca\/ancien-site\/wp-content\/uploads\/2023\/03\/MIEUX-ME-CONNAITRE-CHAT.pdf\">MIEUX ME CONNA\u00ceTRE CHAT<\/a> ou le formulaire <a href=\"https:\/\/spa-quebec.ca\/ancien-site\/wp-content\/uploads\/2023\/03\/MIEUX-ME-CONNAITRE-CHIEN.pdf\">MIEUX ME CONNA\u00ceTRE CHIEN<\/a> afin que l&rsquo;on puisse conna\u00eetre les habitudes de votre animal. Cela aide grandement au placement des animaux et aussi limitera le temps d&rsquo;attente lorsque vous vous pr\u00e9senterez avec votre animal au refuge. <strong>Un rappel que le rendez-vous est obligatoire.<\/strong><\/p>\n<p>Si vous avez un carnet de sant\u00e9, apportez-le, cela aidera notre v\u00e9t\u00e9rinaire dans son \u00e9valuation de sant\u00e9.<\/p>\n<\/div>\n<\/div>\n<\/div><div class=\"cmsms_toggle_wrap\" data-tags=\"all \">\n<div class=\"cmsms_toggle_title\">\n<span class=\"cmsms_toggle_plus\">\n<span class=\"cmsms_toggle_plus_hor\"><\/span>\n<span class=\"cmsms_toggle_plus_vert\"><\/span>\n<\/span>\n<a href=\"#\">Que faire si vous n\u2032\u00eates pas le propri\u00e9taire de l\u2032animal<\/a>\n<\/div>\n<div class=\"cmsms_toggle\">\n<div class=\"cmsms_toggle_inner\">\n<p>Notez que si vous n&rsquo;\u00eates pas le propri\u00e9taire de l&rsquo;animal en question, vous devez vous pr\u00e9senter au comptoir avec une procuration \u00e9crite d\u00e9clarant que le propri\u00e9taire de l&rsquo;animal vous autorise \u00e0 l&rsquo;abandonner \u00e0 sa place. Le cas contraire, nous devrons refuser de prendre l&rsquo;animal. Ceci permet d&rsquo;\u00e9viter qu&rsquo;une personne mal intentionn\u00e9e abandonne l&rsquo;animal d&rsquo;une autre personne sans que cette derni\u00e8re ne le d\u00e9sire r\u00e9ellement. Nous vous conseillons d&rsquo;imprimer et compl\u00e9ter la <a href=\"https:\/\/spa-quebec.ca\/ancien-site\/wp-content\/uploads\/2017\/10\/2015-12-14-Procuration-pour-Site.pdf\" target=\"_blank\" rel=\"noopener\">procuration cr\u00e9\u00e9e par la SPA<\/a>.<\/p>\n<\/div>\n<\/div>\n<\/div><div class=\"cmsms_toggle_wrap\" data-tags=\"all \">\n<div class=\"cmsms_toggle_title\">\n<span class=\"cmsms_toggle_plus\">\n<span class=\"cmsms_toggle_plus_hor\"><\/span>\n<span class=\"cmsms_toggle_plus_vert\"><\/span>\n<\/span>\n<a href=\"#\">Tarifs (non taxable)<\/a>\n<\/div>\n<div class=\"cmsms_toggle\">\n<div class=\"cmsms_toggle_inner\">\n<ul>\n<li>Chat adulte &#8211; 88$<\/li>\n<li>Chaton de moins de 4 mois &#8211; 0$<\/li>\n<li>Port\u00e9e de chatons de moins de 4 mois, max. 4 chatons &#8211; 0$<br \/>\n(10$ par animal suppl\u00e9mentaire)<\/li>\n<li>Chien adulte &#8211; 88$<\/li>\n<li>Chiot de moins de 3 mois &#8211; 0$<\/li>\n<li>Port\u00e9e de chiots de moins de 3 mois, max. 4 chiots &#8211; 0$<br \/>\n(10$ par animal suppl\u00e9mentaire)<\/li>\n<li>Chienne ou chatte gestante &#8211; 105$<\/li>\n<li>Furet, lapin, chinchilla, h\u00e9risson (accept\u00e9 si moins de 3 ans) &#8211; 32$<\/li>\n<li>Souris, rat, hamster, gerbille, gerboise (accept\u00e9 si moins de 1 an) &#8211; 20$<\/li>\n<li>Cobaye, d\u00e9gu (accept\u00e9 si moins de 3 ans) &#8211; 20$<\/li>\n<li>Port\u00e9e b\u00e9b\u00e9s sevr\u00e9s (souris, rat, cochon d&rsquo;inde, hamster, gerbille, tortue) &#8211; 20$<\/li>\n<li>Port\u00e9e b\u00e9b\u00e9s sevr\u00e9s lapins &#8211; 20$<\/li>\n<li>Perroquet &#8211; tortue (tout \u00e2ge accept\u00e9) &#8211; 21$<\/li>\n<li>Abandon oiseau (accept\u00e9 si moins de 5 ans) &#8211; 21$<\/li>\n<\/ul>\n<p><sub>Tous les prix mentionn\u00e9s dans cette page, sont sujets \u00e0 changement sans pr\u00e9avis.<\/sub><\/p>\n<\/div>\n<\/div>\n<\/div><div class=\"cmsms_toggle_wrap\" data-tags=\"all \">\n<div class=\"cmsms_toggle_title\">\n<span class=\"cmsms_toggle_plus\">\n<span class=\"cmsms_toggle_plus_hor\"><\/span>\n<span class=\"cmsms_toggle_plus_vert\"><\/span>\n<\/span>\n<a href=\"#\">Quand l\u2032euthanasie est la seule solution<\/a>\n<\/div>\n<div class=\"cmsms_toggle\">\n<div class=\"cmsms_toggle_inner\">\n<p>L&rsquo;euthanasie n&rsquo;est pas une solution souhaitable, car la SPA favorise prioritairement l&rsquo;adoption, mais peut demeurer la seule alternative dans certains cas. Ce service est notamment offert pour abr\u00e9ger les souffrances d&rsquo;animaux \u00e2g\u00e9s, s\u00e9v\u00e8rement bless\u00e9s ou malades. <strong>Il est disponible en semaine. Vous devez obligatoirement prendre un rendez-vous avec nous par t\u00e9l\u00e9phone au 418 527-9104.<\/strong> Si vous devez venir porter votre animal\u00a0en dehors de la p\u00e9riode sugg\u00e9r\u00e9e, des frais de pension\u00a0vont s&rsquo;ajouter aux frais d&rsquo;euthanasie.<\/p>\n<h4>D\u00e9tails importants<\/h4>\n<ul>\n<li>Si vous d\u00e9sirez assister \u00e0 l&rsquo;euthanasie ou r\u00e9cup\u00e9rer le corps ou les cendres de votre animal, veuillez recourir aux services d&rsquo;une clinique v\u00e9t\u00e9rinaire.<\/li>\n<li>Si vous n&rsquo;\u00eates pas le propri\u00e9taire de l&rsquo;animal en question, vous devez vous pr\u00e9senter au comptoir avec une procuration \u00e9crite d\u00e9clarant que le propri\u00e9taire de l&rsquo;animal vous autorise \u00e0 venir pour l&rsquo;animal pour euthanasie. Vous pouvez utiliser <a href=\"https:\/\/spa-quebec.ca\/ancien-site\/wp-content\/uploads\/2017\/10\/2015-12-14-Procuration-pour-Site.pdf\" target=\"_blank\" rel=\"noopener\">la procuration cr\u00e9\u00e9e par la SPA<\/a>.<\/li>\n<li>Les frais incluent l&rsquo;incin\u00e9ration de groupe.<\/li>\n<li>Vous devez pr\u00e9senter une pi\u00e8ce d&rsquo;identit\u00e9 avec photo et adresse pour venir porter votre animal. Ce r\u00e8glement sert \u00e0 d\u00e9gager la SPA de probl\u00e8mes judiciaires qui pourraient \u00eatre rencontr\u00e9s quant \u00e0 l&rsquo;abandon d&rsquo;un animal (par exemple : quelqu&rsquo;un ment sur le fait qu&rsquo;il est propri\u00e9taire de l&rsquo;animal et que le propri\u00e9taire r\u00e9el se manifeste).<\/li>\n<\/ul>\n<p>Les frais demand\u00e9s sont concurrentiels et non taxables puisque la SPA est une organisation \u00e0 but non lucratif. Vous sauvez donc automatiquement plus de 15%. Pour obtenir plus d&rsquo;informations ou les tarifs, contactez directement la SPA de Qu\u00e9bec pendant les <a href=\"https:\/\/spa-quebec.ca\/ancien-site\/nous-joindre\/\">heures d&rsquo;ouverture<\/a>.<\/p>\n<\/div>\n<\/div>\n<\/div><div class=\"cmsms_toggle_wrap\" data-tags=\"all \">\n<div class=\"cmsms_toggle_title\">\n<span class=\"cmsms_toggle_plus\">\n<span class=\"cmsms_toggle_plus_hor\"><\/span>\n<span class=\"cmsms_toggle_plus_vert\"><\/span>\n<\/span>\n<a href=\"#\">Le d\u00e9c\u00e8s de votre compagnon <\/a>\n<\/div>\n<div class=\"cmsms_toggle\">\n<div class=\"cmsms_toggle_inner\">\n<p>Malheureusement, un jour ou l&rsquo;autre, votre animal arrivera en fin de vie. C&rsquo;est une \u00e9preuve difficile que vous pouvez surmonter avec l&rsquo;aide de professionnels de la sant\u00e9.<\/p>\n<p>Si, pour abr\u00e9ger la souffrance de votre animal, vous avez recours \u00e0 l&rsquo;euthanasie surtout, ne culpabilisez pas. Dites-vous que vous l&rsquo;avez accompagn\u00e9 jusqu&rsquo;au bout et que vous lui avez offert la chance de mourir dignement et sans souffrance. C&rsquo;est une preuve d&rsquo;amour et de courage de votre part.<\/p>\n<blockquote>\n<p>Les aimer c&rsquo;est savoir les laisser partir dans la dignit\u00e9.<\/p>\n<\/blockquote>\n<p>La SPA de Qu\u00e9bec offre le service vous permettant de porter au dernier repos votre animal.\u00a0Soyez sans crainte,\u00a0tout se fera dans la dignit\u00e9 et le respect de votre compagnon.<strong><br \/>\n<\/strong><\/p>\n<p>Une fois la mort d\u00e9clar\u00e9e, un organisme ext\u00e9rieur r\u00e9cup\u00e8re le corps et g\u00e8re l&rsquo;incin\u00e9ration de votre animal. Malheureusement, nous ne pouvons nous permettre d\u2019offrir au client qui le d\u00e9sire d\u2019assister \u00e0 l\u2019euthanasie de leur animal ou de r\u00e9cup\u00e9rer ses cendres, car nos locaux ne sont pas\u00a0adapt\u00e9s \u00e0 cette situation. Par contre, si vous voulez assister\u00a0votre compagnon vous pouvez toujours aller chez votre v\u00e9t\u00e9rinaire. Il endormira votre animal avec vous, si vous le d\u00e9sirez. De plus, vous pourrez toujours demander \u00e0 ce que votre animal puisse \u00eatre incin\u00e9r\u00e9 individuellement moyennant un co\u00fbt plus \u00e9lev\u00e9. Vous pourriez m\u00eame demander \u00e0 obtenir une urne aves ses cendres.<\/p>\n<p>Lorsque votre animal vous quitte, prenez le temps de faire votre deuil. Pour certaines personnes, il est plus facile de faire leur deuil en prenant imm\u00e9diatement un\u00a0nouvel animal. Pour d&rsquo;autres, cela peut prendre plusieurs mois voire plusieurs ann\u00e9es. Chaque personne est unique et g\u00e8re sa peine diff\u00e9remment tout comme chaque animal est unique.<\/p>\n<p>Il est important de se rappeler\u00a0d&rsquo;adopter un nouvel animal\u00a0seulement lorsque l\u2019on se sent pr\u00eat. Ceci afin de ne pas comparer le d\u00e9funt avec le nouvel animal\u00a0et ainsi ne jamais \u00eatre pleinement satisfait du petit nouveau. Il aura des qualit\u00e9s et des d\u00e9fauts diff\u00e9rents de votre ancien compagnon. Ne le comparez pas au pr\u00e9c\u00e9dent. De cette fa\u00e7on, la nouvelle relation\u00a0d\u00e9marrera\u00a0du bon pied.<\/p>\n<\/div>\n<\/div>\n<\/div><\/div>\n<\/div>\n<\/div>\n<\/div>\n<\/div>\n<\/div>\n<\/div>\n\n","protected":false},"excerpt":{"rendered":"","protected":false},"author":21,"featured_media":0,"parent":5699,"menu_order":0,"comment_status":"closed","ping_status":"closed","template":"","meta":{"_acf_changed":false,"footnotes":""},"class_list":["post-4496","page","type-page","status-publish","hentry"],"acf":[],"_links":{"self":[{"href":"https:\/\/spa-quebec.ca\/ancien-site\/wp-json\/wp\/v2\/pages\/4496","targetHints":{"allow":["GET"]}}],"collection":[{"href":"https:\/\/spa-quebec.ca\/ancien-site\/wp-json\/wp\/v2\/pages"}],"about":[{"href":"https:\/\/spa-quebec.ca\/ancien-site\/wp-json\/wp\/v2\/types\/page"}],"author":[{"embeddable":true,"href":"https:\/\/spa-quebec.ca\/ancien-site\/wp-json\/wp\/v2\/users\/21"}],"replies":[{"embeddable":true,"href":"https:\/\/spa-quebec.ca\/ancien-site\/wp-json\/wp\/v2\/comments?post=4496"}],"version-history":[{"count":13,"href":"https:\/\/spa-quebec.ca\/ancien-site\/wp-json\/wp\/v2\/pages\/4496\/revisions"}],"predecessor-version":[{"id":10105,"href":"https:\/\/spa-quebec.ca\/ancien-site\/wp-json\/wp\/v2\/pages\/4496\/revisions\/10105"}],"up":[{"embeddable":true,"href":"https:\/\/spa-quebec.ca\/ancien-site\/wp-json\/wp\/v2\/pages\/5699"}],"wp:attachment":[{"href":"https:\/\/spa-quebec.ca\/ancien-site\/wp-json\/wp\/v2\/media?parent=4496"}],"curies":[{"name":"wp","href":"https:\/\/api.w.org\/{rel}","templated":true}]}}