{"id":4519,"date":"2017-09-18T11:13:17","date_gmt":"2017-09-18T15:13:17","guid":{"rendered":"https:\/\/spa-quebec.ca\/ancien-site\/?page_id=4519"},"modified":"2021-05-02T12:56:04","modified_gmt":"2021-05-02T16:56:04","slug":"denoncer-2","status":"publish","type":"page","link":"https:\/\/spa-quebec.ca\/ancien-site\/denoncer-2\/","title":{"rendered":"D\u00e9noncer"},"content":{"rendered":"<style type=\"text\/css\"> \n#cmsms_row_69e1305eee44d .cmsms_row_outer_parent { \n\tpadding-top: 0px; \n} \n\n#cmsms_row_69e1305eee44d .cmsms_row_outer_parent { \n\tpadding-bottom: 50px; \n} \n\n<\/style><div id=\"cmsms_row_69e1305eee44d\" class=\"cmsms_row cmsms_color_scheme_default\">\n<div class=\"cmsms_row_outer_parent\">\n<div class=\"cmsms_row_outer\">\n<div class=\"cmsms_row_inner\">\n<div class=\"cmsms_row_margin\">\n<div class=\"cmsms_column one_first\">\n<div class=\"cmsms_text\">\n<h2>T\u00e9moin de n\u00e9gligence ou de cruaut\u00e9 animale ?<\/h2>\n<p>Vous constatez que des animaux sont maltrait\u00e9s, qu&rsquo;ils se trouvent dans une situation inacceptable ou qu&rsquo;ils recoivent des soins inad\u00e9quats qui n\u00e9cessitent une intervention ?<\/p>\n<p>Vous pouvez communiquer avec:<\/p>\n<ul>\n<li>la SPA\u00a0au 418 527-9104 (votre appel pourrait \u00eatre redirig\u00e9 selon les informations que vous fournirez &#8211; secteur, type d&rsquo;animal, type de\u00a0lois, etc.)<\/li>\n<li>Pour les abandons dans un logement, vous devez OBLIGATOIREMENT contacter le MAPAQ au 1-844-ANIMAUX ou le 1-800-463-5023.<\/li>\n<\/ul>\n<p>Il y a aussi des r\u00e8glementations provinciales (<a href=\"https:\/\/legisquebec.gouv.qc.ca\/fr\/ShowDoc\/cs\/B-3.1\" target=\"_blank\" rel=\"noopener\">Loi B-3.1<\/a>) et municipales (propre \u00e0 chaque ville ou municipalit\u00e9)\u00a0encadrant le traitement des animaux.<\/p>\n<p><a href=\"https:\/\/www.mapaq.gouv.qc.ca\/fr\/md\/Publications\/Pages\/Details-Publication.aspx?guid={3ec0e2c1-0e12-491f-afaa-8c91981e69d3}\" target=\"_blank\" rel=\"noopener\">Guide d\u2019application de la Loi sur le bien-\u00eatre et la s\u00e9curit\u00e9 de l\u2019animal<\/a><\/p>\n<p>Selon le Code criminel du Canada, un animal est n\u00e9glig\u00e9 ou souffre de cruaut\u00e9 lorsqu\u2019il :<\/p>\n<ul>\n<li>N\u2019a pas acc\u00e8s \u00e0 un abri ou un abri inad\u00e9quat pour sa race (article 446)<\/li>\n<li>N\u2019a pas acc\u00e8s \u00e0 de l\u2019eau propre (article 446)<\/li>\n<li>Maigreur importante et pas d\u2019acc\u00e8s \u00e0 de la nourriture (article 446)<\/li>\n<li>Preuves visibles de s\u00e9vices (empoisonnement, coups, blessures, etc. \u2013 articles 445 et\/ou 446)<\/li>\n<li>Insalubrit\u00e9 mettant en danger la vie de l\u2019animal (article 446)<\/li>\n<li>Maladie ou blessure non trait\u00e9es montrant la n\u00e9gligence du propri\u00e9taire ou du gardien (article 446)<\/li>\n<li>Animal laiss\u00e9 dans une voiture pendant une longue p\u00e9riode durant un froid ou une chaleur extr\u00eame (article 446)<\/li>\n<\/ul>\n<p>Si vous pensez avoir \u00e9t\u00e9 t\u00e9moin d\u2019une cruaut\u00e9 ou d\u2019une n\u00e9gligence, contactez-nous rapidement pour nous faire \u00e9tat des faits.<\/p>\n<\/div>\n<\/div>\n<\/div>\n<\/div>\n<\/div>\n<\/div>\n<\/div>\n\n","protected":false},"excerpt":{"rendered":"","protected":false},"author":21,"featured_media":0,"parent":0,"menu_order":0,"comment_status":"closed","ping_status":"closed","template":"","meta":{"_acf_changed":false,"footnotes":""},"class_list":["post-4519","page","type-page","status-publish","hentry"],"acf":[],"_links":{"self":[{"href":"https:\/\/spa-quebec.ca\/ancien-site\/wp-json\/wp\/v2\/pages\/4519","targetHints":{"allow":["GET"]}}],"collection":[{"href":"https:\/\/spa-quebec.ca\/ancien-site\/wp-json\/wp\/v2\/pages"}],"about":[{"href":"https:\/\/spa-quebec.ca\/ancien-site\/wp-json\/wp\/v2\/types\/page"}],"author":[{"embeddable":true,"href":"https:\/\/spa-quebec.ca\/ancien-site\/wp-json\/wp\/v2\/users\/21"}],"replies":[{"embeddable":true,"href":"https:\/\/spa-quebec.ca\/ancien-site\/wp-json\/wp\/v2\/comments?post=4519"}],"version-history":[{"count":0,"href":"https:\/\/spa-quebec.ca\/ancien-site\/wp-json\/wp\/v2\/pages\/4519\/revisions"}],"wp:attachment":[{"href":"https:\/\/spa-quebec.ca\/ancien-site\/wp-json\/wp\/v2\/media?parent=4519"}],"curies":[{"name":"wp","href":"https:\/\/api.w.org\/{rel}","templated":true}]}}