{"id":4894,"date":"2017-09-26T13:54:12","date_gmt":"2017-09-26T17:54:12","guid":{"rendered":"https:\/\/spa-quebec.ca\/ancien-site\/?page_id=4894"},"modified":"2025-01-15T13:44:51","modified_gmt":"2025-01-15T18:44:51","slug":"placement-avec-reprise","status":"publish","type":"page","link":"https:\/\/spa-quebec.ca\/ancien-site\/placement-avec-reprise\/","title":{"rendered":"Placement AVEC reprise"},"content":{"rendered":"<style type=\"text\/css\"><\/style><h2>Placement AVEC possibilit\u00e9 de reprendre votre animal s&rsquo;il ne peut \u00eatre plac\u00e9 \u00e0 l&rsquo;adoption<\/h2>\n<ul>\n<li>Vous devez \u00eatre le propri\u00e9taire ou avoir d\u00fbment \u00e9t\u00e9 mandat\u00e9 par le propri\u00e9taire de cet animal, afin d&rsquo;avoir l&rsquo;autorit\u00e9 de c\u00e9der tous droits sur celui-ci \u00e0 la SPA de Qu\u00e9bec. Compl\u00e9tez <a href=\"https:\/\/spa-quebec.ca\/ancien-site\/wp-content\/uploads\/2017\/10\/2015-12-14-Procuration-pour-Site.pdf\">la procuration cr\u00e9\u00e9e par la SPA<\/a> si vous n&rsquo;\u00eates pas le propri\u00e9taire de l&rsquo;animal.<\/li>\n<li>Si jamais l\u2019animal que vous c\u00e9dez ne peut \u00eatre plac\u00e9 \u00e0 l\u2019adoption, selon les crit\u00e8res de la SPA (sant\u00e9, comportement, \u00e2ge, voire la surpopulation), vous serez avis\u00e9 afin de reprendre l\u2019animal.<\/li>\n<li>Un fois contact\u00e9 au num\u00e9ro d\u2019urgence que vous aurez donn\u00e9, vous devrez vous pr\u00e9senter dans un d\u00e9lai de 24 heures pour venir r\u00e9cup\u00e9rer l\u2019animal. Si la SPA ne peut vous rejoindre \u00e0 ce num\u00e9ro d\u2019urgence, apr\u00e8s 2 tentatives au cours de la m\u00eame journ\u00e9e, la SPA pourra disposer de l\u2019animal comme elle le jugera appropri\u00e9.<\/li>\n<li>Si des frais de st\u00e9rilisation, de vaccination et de traitements ont \u00e9t\u00e9 engag\u00e9s, vous devrez payer ces frais jusqu\u2019\u00e0 un montant maximum correspondant au co\u00fbt d\u2019adoption alors en vigueur \u00e0 la SPA.<\/li>\n<li>L\u2019obligation de la SPA de communiquer avec moi pour reprendre l\u2019animal s\u2019arr\u00eate d\u00e8s qu\u2019il est adopt\u00e9, m\u00eame s\u2019il est rapport\u00e9 \u00e0 la SPA apr\u00e8s un certain temps par son nouveau propri\u00e9taire.<\/li>\n<li>La SPA ne se tient aucunement responsable si l\u2019animal devenait malade, changeait de comportement ou d\u00e9c\u00e9dait pendant son s\u00e9jour.<\/li>\n<li>Des frais de 25$ suppl\u00e9mentaires s\u2019appliquent pour ce service.<\/li>\n<li>La renonciation de tout droit sur l&rsquo;animal confi\u00e9 \u00e0 la SPA de Qu\u00e9bec implique que si l\u2019animal a \u00e9t\u00e9 adopt\u00e9, les lois en vigueur ne permettent pas \u00e0 la SPA de divulguer le nom du nouveau propri\u00e9taire. Il n\u2019y a aucun remboursement des frais relatifs \u00e0 la demande de placement d&rsquo;un animal, m\u00eame si vous voulez reprendre l\u2019animal avant sa disposition. La SPA peut m\u00eame facturer des frais suppl\u00e9mentaires (vaccins re\u00e7us, traitements, str\u00e9rilisation, frais de pension, ect&#8230;).<\/li>\n<\/ul>\n<p><sub>Tous les frais mentionn\u00e9s dans cette page, sont sujets \u00e0 changement sans pr\u00e9avis.<\/sub><\/p>\n","protected":false},"excerpt":{"rendered":"<p>Placement AVEC possibilit\u00e9 de reprendre votre animal s&rsquo;il ne peut \u00eatre plac\u00e9 \u00e0 l&rsquo;adoption Vous devez \u00eatre le propri\u00e9taire ou avoir d\u00fbment \u00e9t\u00e9 mandat\u00e9 par le propri\u00e9taire de cet animal, afin d&rsquo;avoir l&rsquo;autorit\u00e9 de c\u00e9der tous droits sur celui-ci \u00e0 la SPA de Qu\u00e9bec. Compl\u00e9tez la procuration cr\u00e9\u00e9e par la SPA si vous n&rsquo;\u00eates pas&#8230;<\/p>\n","protected":false},"author":21,"featured_media":0,"parent":0,"menu_order":0,"comment_status":"closed","ping_status":"closed","template":"","meta":{"_acf_changed":false,"footnotes":""},"class_list":["post-4894","page","type-page","status-publish","hentry"],"acf":[],"_links":{"self":[{"href":"https:\/\/spa-quebec.ca\/ancien-site\/wp-json\/wp\/v2\/pages\/4894","targetHints":{"allow":["GET"]}}],"collection":[{"href":"https:\/\/spa-quebec.ca\/ancien-site\/wp-json\/wp\/v2\/pages"}],"about":[{"href":"https:\/\/spa-quebec.ca\/ancien-site\/wp-json\/wp\/v2\/types\/page"}],"author":[{"embeddable":true,"href":"https:\/\/spa-quebec.ca\/ancien-site\/wp-json\/wp\/v2\/users\/21"}],"replies":[{"embeddable":true,"href":"https:\/\/spa-quebec.ca\/ancien-site\/wp-json\/wp\/v2\/comments?post=4894"}],"version-history":[{"count":1,"href":"https:\/\/spa-quebec.ca\/ancien-site\/wp-json\/wp\/v2\/pages\/4894\/revisions"}],"predecessor-version":[{"id":10103,"href":"https:\/\/spa-quebec.ca\/ancien-site\/wp-json\/wp\/v2\/pages\/4894\/revisions\/10103"}],"wp:attachment":[{"href":"https:\/\/spa-quebec.ca\/ancien-site\/wp-json\/wp\/v2\/media?parent=4894"}],"curies":[{"name":"wp","href":"https:\/\/api.w.org\/{rel}","templated":true}]}}