{"id":4923,"date":"0201-07-05T10:50:43","date_gmt":"0201-07-05T15:50:43","guid":{"rendered":"https:\/\/spa-quebec.ca\/ancien-site\/?page_id=4923"},"modified":"2021-05-02T12:56:05","modified_gmt":"2021-05-02T16:56:05","slug":"leuthanasie-seule-solution","status":"publish","type":"page","link":"https:\/\/spa-quebec.ca\/ancien-site\/services\/leuthanasie-seule-solution\/","title":{"rendered":"Quand l&rsquo;euthanasie est la seule solution"},"content":{"rendered":"<style type=\"text\/css\"><\/style><div id=\"cmsms_row_69e145d8329cb\" class=\"cmsms_row cmsms_color_scheme_default\">\n<div class=\"cmsms_row_outer_parent\">\n<div class=\"cmsms_row_outer\">\n<div class=\"cmsms_row_inner\">\n<div class=\"cmsms_row_margin\">\n<div class=\"cmsms_column one_first\">\n<div class=\"cmsms_text\">\n<p>L&rsquo;euthanasie n&rsquo;est pas une solution souhaitable, car la SPA favorise prioritairement l&rsquo;adoption, mais peut demeurer la seule alternative dans certains cas. Ce service est notamment offert pour abr\u00e9ger les souffrances d&rsquo;animaux \u00e2g\u00e9s, s\u00e9v\u00e8rement bless\u00e9s ou malades. <strong>Il est disponible en semaine. Vous devez obligatoirement prendre un rendez-vous avec nous par t\u00e9l\u00e9phone au 418 527-9104.<\/strong> Si vous devez venir porter votre animal\u00a0en dehors de la p\u00e9riode sugg\u00e9r\u00e9e, des frais de pension\u00a0vont s&rsquo;ajouter aux frais d&rsquo;euthanasie.<\/p>\n<h4>D\u00e9tails importants<\/h4>\n<ul>\n<li>Si vous d\u00e9sirez assister \u00e0 l&rsquo;euthanasie ou r\u00e9cup\u00e9rer le corps ou les cendres de votre animal, veuillez recourir aux services d&rsquo;une clinique v\u00e9t\u00e9rinaire.<\/li>\n<li>Si vous n&rsquo;\u00eates pas le propri\u00e9taire de l&rsquo;animal en question, vous devez vous pr\u00e9senter au comptoir avec une procuration \u00e9crite d\u00e9clarant que le propri\u00e9taire de l&rsquo;animal vous autorise \u00e0 venir pour l&rsquo;animal pour euthanasie. Vous pouvez utiliser <a href=\"https:\/\/spa-quebec.ca\/ancien-site\/wp-content\/uploads\/2017\/10\/2015-12-14-Procuration-pour-Site.pdf\" target=\"_blank\" rel=\"noopener\">la procuration cr\u00e9\u00e9e par la SPA<\/a>.<\/li>\n<li>Les frais incluent l&rsquo;incin\u00e9ration de groupe.<\/li>\n<li>Vous devez pr\u00e9senter une pi\u00e8ce d&rsquo;identit\u00e9 avec photo et adresse pour venir porter votre animal. Ce r\u00e8glement sert \u00e0 d\u00e9gager la SPA de probl\u00e8mes judiciaires qui pourraient \u00eatre rencontr\u00e9s quant \u00e0 l&rsquo;abandon d&rsquo;un animal (par exemple : quelqu&rsquo;un ment sur le fait qu&rsquo;il est propri\u00e9taire de l&rsquo;animal et que le propri\u00e9taire r\u00e9el se manifeste).<\/li>\n<\/ul>\n<p>Les frais demand\u00e9s sont concurrentiels et non taxables puisque la SPA est une organisation \u00e0 but non lucratif. Vous sauvez donc automatiquement plus de 15%. Pour obtenir plus d&rsquo;informations ou les tarifs, contactez directement la SPA de Qu\u00e9bec pendant les <a href=\"https:\/\/spa-quebec.ca\/ancien-site\/nous-joindre\/\">heures d&rsquo;ouverture<\/a>.<\/p>\n<\/div>\n<\/div>\n<\/div>\n<\/div>\n<\/div>\n<\/div>\n<\/div>\n\n","protected":false},"excerpt":{"rendered":"","protected":false},"author":21,"featured_media":0,"parent":5699,"menu_order":0,"comment_status":"closed","ping_status":"closed","template":"","meta":{"_acf_changed":false,"footnotes":""},"class_list":["post-4923","page","type-page","status-publish","hentry"],"acf":[],"_links":{"self":[{"href":"https:\/\/spa-quebec.ca\/ancien-site\/wp-json\/wp\/v2\/pages\/4923","targetHints":{"allow":["GET"]}}],"collection":[{"href":"https:\/\/spa-quebec.ca\/ancien-site\/wp-json\/wp\/v2\/pages"}],"about":[{"href":"https:\/\/spa-quebec.ca\/ancien-site\/wp-json\/wp\/v2\/types\/page"}],"author":[{"embeddable":true,"href":"https:\/\/spa-quebec.ca\/ancien-site\/wp-json\/wp\/v2\/users\/21"}],"replies":[{"embeddable":true,"href":"https:\/\/spa-quebec.ca\/ancien-site\/wp-json\/wp\/v2\/comments?post=4923"}],"version-history":[{"count":0,"href":"https:\/\/spa-quebec.ca\/ancien-site\/wp-json\/wp\/v2\/pages\/4923\/revisions"}],"up":[{"embeddable":true,"href":"https:\/\/spa-quebec.ca\/ancien-site\/wp-json\/wp\/v2\/pages\/5699"}],"wp:attachment":[{"href":"https:\/\/spa-quebec.ca\/ancien-site\/wp-json\/wp\/v2\/media?parent=4923"}],"curies":[{"name":"wp","href":"https:\/\/api.w.org\/{rel}","templated":true}]}}