{"id":4947,"date":"2017-09-26T16:14:56","date_gmt":"2017-09-26T20:14:56","guid":{"rendered":"https:\/\/spa-quebec.ca\/ancien-site\/?page_id=4947"},"modified":"2021-05-02T12:56:05","modified_gmt":"2021-05-02T16:56:05","slug":"nuisance","status":"publish","type":"page","link":"https:\/\/spa-quebec.ca\/ancien-site\/services\/nuisance\/","title":{"rendered":"Nuisance"},"content":{"rendered":"<style type=\"text\/css\"> \n#cmsms_row_69e13189e70dc .cmsms_row_outer_parent { \n\tpadding-top: 0px; \n} \n\n#cmsms_row_69e13189e70dc .cmsms_row_outer_parent { \n\tpadding-bottom: 50px; \n} \n\n<\/style><div id=\"cmsms_row_69e13189e70dc\" class=\"cmsms_row cmsms_color_scheme_default\">\n<div class=\"cmsms_row_outer_parent\">\n<div class=\"cmsms_row_outer\">\n<div class=\"cmsms_row_inner\">\n<div class=\"cmsms_row_margin\">\n<div class=\"cmsms_column one_first\">\n<div class=\"cmsms_text\">\n<h2>Votre animal constitue-t-il une nuisance ?<\/h2>\n<h2>\u00cates-vous incommod\u00e9 par l\u2019animal de votre voisin ?<\/h2>\n<p>Une nuisance est tout \u00e9l\u00e9ment qui nuit \u00e0 votre qualit\u00e9 de vie. Par cons\u00e9quent, chiens et chats peuvent \u00eatre consid\u00e9r\u00e9s comme une nuisance lorsqu\u2019ils :<\/p>\n<ul>\n<li>Vagabondent en dehors des limites du terrain de son propri\u00e9taire ; si votre chat va faire ses besoins dans les plantes des voisins cela peut-\u00eatre consid\u00e9r\u00e9 comme une nuisance. Il en est de m\u00eame pour les chiens ou autres animaux domestiques. Il est donc de votre devoir de tenir minou ou pitou en laisse que vous soyez chez vous ou dans un lieu public.<\/li>\n<li>Jappent et miaulent de mani\u00e8re excessive ; les vocalises prolong\u00e9es d&rsquo;un animal de compagnie peuvent \u00eatre d\u00e9rangeantes. Si cela se produit lors du d\u00e9part de votre voisin propri\u00e9taire de l&rsquo;animal, pr\u00e9venez-le, peut-\u00eatre n\u2019est-il m\u00eame pas au courant de ce d\u00e9sagr\u00e9ment.<\/li>\n<li>\u00c9mettent des mati\u00e8res r\u00e9siduelles non ramass\u00e9es : il est obligatoire de ramasser, d\u00e8s que possible, les excr\u00e9ments de votre animal m\u00eame s&rsquo;ils sont sur votre terrain. De plus, tenir les lieux propres emp\u00eachera les autres animaux de venir vous visiter.<\/li>\n<\/ul>\n<p>Notez qu\u2019un citoyen peut aussi \u00eatre consid\u00e9r\u00e9 comme une nuisance lorsqu\u2019il nourrit des animaux errants. Le fait de nourrir des animaux errants encourage leur prolif\u00e9ration et la venue d\u2019autres animaux sur les lieux. Il est pr\u00e9f\u00e9rable, lorsque vous trouvez un animal errant, de l\u2019apporter \u00e0 la fourri\u00e8re qui dessert votre municipalit\u00e9 ;\u00a0son propri\u00e9taire le recherche peut-\u00eatre activement !<\/p>\n<p>En r\u00e8gle g\u00e9n\u00e9rale, rien ne vaut le dialogue. Pour plus d\u2019informations concernant les textes de lois, consultez\u00a0le site Internet de votre municipalit\u00e9.<\/p>\n<\/div>\n<\/div>\n<\/div>\n<\/div>\n<\/div>\n<\/div>\n<\/div>\n\n","protected":false},"excerpt":{"rendered":"","protected":false},"author":21,"featured_media":0,"parent":5699,"menu_order":0,"comment_status":"closed","ping_status":"closed","template":"","meta":{"_acf_changed":false,"footnotes":""},"class_list":["post-4947","page","type-page","status-publish","hentry"],"acf":[],"_links":{"self":[{"href":"https:\/\/spa-quebec.ca\/ancien-site\/wp-json\/wp\/v2\/pages\/4947","targetHints":{"allow":["GET"]}}],"collection":[{"href":"https:\/\/spa-quebec.ca\/ancien-site\/wp-json\/wp\/v2\/pages"}],"about":[{"href":"https:\/\/spa-quebec.ca\/ancien-site\/wp-json\/wp\/v2\/types\/page"}],"author":[{"embeddable":true,"href":"https:\/\/spa-quebec.ca\/ancien-site\/wp-json\/wp\/v2\/users\/21"}],"replies":[{"embeddable":true,"href":"https:\/\/spa-quebec.ca\/ancien-site\/wp-json\/wp\/v2\/comments?post=4947"}],"version-history":[{"count":0,"href":"https:\/\/spa-quebec.ca\/ancien-site\/wp-json\/wp\/v2\/pages\/4947\/revisions"}],"up":[{"embeddable":true,"href":"https:\/\/spa-quebec.ca\/ancien-site\/wp-json\/wp\/v2\/pages\/5699"}],"wp:attachment":[{"href":"https:\/\/spa-quebec.ca\/ancien-site\/wp-json\/wp\/v2\/media?parent=4947"}],"curies":[{"name":"wp","href":"https:\/\/api.w.org\/{rel}","templated":true}]}}