{"id":5321,"date":"2017-10-19T15:06:12","date_gmt":"2017-10-19T19:06:12","guid":{"rendered":"https:\/\/spa-quebec.ca\/ancien-site\/?page_id=5321"},"modified":"2021-05-02T12:56:04","modified_gmt":"2021-05-02T16:56:04","slug":"cooperative-de-consommateurs","status":"publish","type":"page","link":"https:\/\/spa-quebec.ca\/ancien-site\/faire-un-don\/cooperative-de-consommateurs\/","title":{"rendered":"Coop\u00e9rative de consommateurs"},"content":{"rendered":"<style type=\"text\/css\"> \n#cmsms_row_69e13199745b4 .cmsms_row_outer_parent { \n\tpadding-top: 0px; \n} \n\n#cmsms_row_69e13199745b4 .cmsms_row_outer_parent { \n\tpadding-bottom: 50px; \n} \n\n \n#cmsms_divider_69e131997464b { \n\tborder-bottom-width:1px; \n\tborder-bottom-style:solid; \n\tpadding-top:50px; \n\tmargin-bottom:50px; \n} \n \n#cmsms_row_69e1319974666 .cmsms_row_outer_parent { \n\tpadding-top: 0px; \n} \n\n#cmsms_row_69e1319974666 .cmsms_row_outer_parent { \n\tpadding-bottom: 50px; \n} \n\n \n#cmsms_icon_box_69e1319974702 { \n\tborder-width:0px; \n} \n\n#cmsms_icon_box_69e1319974702:before, \n#cmsms_icon_box_69e1319974702 .icon_box_heading:before { \n\tfont-size:30px; \n\tline-height:50px; \n\twidth:50px; \n\theight:50px; \n\tborder-width:0px; \n\t-webkit-border-radius:50%; \n\tborder-radius:50%; \n} \n\n#cmsms_icon_box_69e1319974702.cmsms_icon_box_left, \n#cmsms_icon_box_69e1319974702.cmsms_icon_box_left_top { \n\tpadding-left:55px; \n\tmargin-left:25px; \n\t} \n\n#cmsms_icon_box_69e1319974702.cmsms_icon_box_left:before, \n#cmsms_icon_box_69e1319974702.cmsms_icon_box_left_top:before { \n\tleft:-25px; \n\t} \n\n \n#cmsms_icon_box_69e1319974761 { \n\tborder-width:0px; \n} \n\n#cmsms_icon_box_69e1319974761:before, \n#cmsms_icon_box_69e1319974761 .icon_box_heading:before { \n\tfont-size:30px; \n\tline-height:50px; \n\twidth:50px; \n\theight:50px; \n\tborder-width:0px; \n\t-webkit-border-radius:50%; \n\tborder-radius:50%; \n} \n\n#cmsms_icon_box_69e1319974761.cmsms_icon_box_left, \n#cmsms_icon_box_69e1319974761.cmsms_icon_box_left_top { \n\tpadding-left:55px; \n\tmargin-left:25px; \n\t} \n\n#cmsms_icon_box_69e1319974761.cmsms_icon_box_left:before, \n#cmsms_icon_box_69e1319974761.cmsms_icon_box_left_top:before { \n\tleft:-25px; \n\t} \n\n \n#cmsms_row_69e1319974791 .cmsms_row_outer_parent { \n\tpadding-top: 0px; \n} \n\n#cmsms_row_69e1319974791 .cmsms_row_outer_parent { \n\tpadding-bottom: 50px; \n} \n\n \n#cmsms_row_69e131997480c .cmsms_row_outer_parent { \n\tpadding-top: 0px; \n} \n\n#cmsms_row_69e131997480c .cmsms_row_outer_parent { \n\tpadding-bottom: 50px; \n} \n\n<\/style><div id=\"cmsms_row_69e13199741b3\" class=\"cmsms_row cmsms_color_scheme_default\">\n<div class=\"cmsms_row_outer_parent\">\n<div class=\"cmsms_row_outer\">\n<div class=\"cmsms_row_inner\">\n<div class=\"cmsms_row_margin\">\n<div class=\"cmsms_column one_half\">\n<div class=\"cmsms_text\">\n<h4><img loading=\"lazy\" decoding=\"async\" class=\"wp-image-7523 alignleft\" src=\"https:\/\/spa-quebec.ca\/ancien-site\/wp-content\/uploads\/2020\/09\/paw-print2-300x300.png\" alt=\"\" width=\"40\" height=\"40\" srcset=\"https:\/\/spa-quebec.ca\/ancien-site\/wp-content\/uploads\/2020\/09\/paw-print2-300x300.png 300w, https:\/\/spa-quebec.ca\/ancien-site\/wp-content\/uploads\/2020\/09\/paw-print2-150x150.png 150w, https:\/\/spa-quebec.ca\/ancien-site\/wp-content\/uploads\/2020\/09\/paw-print2-55x55.png 55w, https:\/\/spa-quebec.ca\/ancien-site\/wp-content\/uploads\/2020\/09\/paw-print2-250x250.png 250w, https:\/\/spa-quebec.ca\/ancien-site\/wp-content\/uploads\/2020\/09\/paw-print2.png 512w\" sizes=\"auto, (max-width: 40px) 100vw, 40px\" \/>Je soutiens la SPA de Qu\u00e9bec!<\/h4>\n<p>Lors de vos visites aux magasins Convivio, vous pouvez soutenir la SPA de Qu\u00e9bec par vos achats. C&rsquo;est une fa\u00e7on simple de faire une diff\u00e9rence pour les animaux abandonn\u00e9s de votre r\u00e9gion!\u00a0 <strong>Dans la derni\u00e8re ann\u00e9e, ce programme nous a permis de recevoir 5 779$ pour les soins aux animaux.\u00a0<\/strong> Merci du fond du c\u0153ur de penser \u00e0 nous au moment de r\u00e9gler vos achats chez Convivio!<\/p>\n<p>De plus, si vous \u00eates membre Convivio, vous doublez votre soutien \u00e0 la SPA de Qu\u00e9bec sans vous priver de votre propre ristourne en argent.\u00a0 En effet, le montant annuel de vos achats peut \u00eatre transf\u00e9r\u00e9 au profit du refuge qui, gr\u00e2ce \u00e0 vous, recevra un don annuel proportionnel \u00e0 l\u2019ensemble de vos transactions.<\/p>\n<\/div>\n<\/div>\n<div class=\"cmsms_column one_half\">\n<div class=\"cmsms_img  cmsms_image_l with_caption\">\n<img decoding=\"async\" src=\"https:\/\/spa-quebec.ca\/ancien-site\/wp-content\/uploads\/2017\/10\/verso-carte-web_convivio.png\" alt=\" T\u00e9l\u00e9chargez l\u2019image ci-dessus dans votre cellulaire et ayez-la facilement sous la main.\" \/>\n<p class=\"cmsms_img_caption\">T\u00e9l\u00e9chargez l\u2019image ci-dessus dans votre cellulaire et ayez-la facilement sous la main.<\/p><\/div>\n<\/div>\n<\/div>\n<\/div>\n<\/div>\n<\/div>\n<\/div>\n<div id=\"cmsms_row_69e13199745b4\" class=\"cmsms_row cmsms_color_scheme_default\">\n<div class=\"cmsms_row_outer_parent\">\n<div class=\"cmsms_row_outer\">\n<div class=\"cmsms_row_inner\">\n<div class=\"cmsms_row_margin\">\n<div class=\"cmsms_column one_first\">\n\n<div id=\"cmsms_divider_69e131997464b\" class=\"cmsms_divider cmsms_divider_width_medium cmsms_divider_pos_center\"><\/div>\n<\/div>\n<\/div>\n<\/div>\n<\/div>\n<\/div>\n<\/div>\n<div id=\"cmsms_row_69e1319974666\" class=\"cmsms_row cmsms_color_scheme_default\">\n<div class=\"cmsms_row_outer_parent\">\n<div class=\"cmsms_row_outer\">\n<div class=\"cmsms_row_inner\">\n<div class=\"cmsms_row_margin\">\n<div class=\"cmsms_column one_half\">\n\n<div id=\"cmsms_icon_box_69e1319974702\" class=\"cmsms_icon_box cmsms_icon_box_left_top box_icon_type_icon cmsms-icon-ok-circled2-1\">\n<div class=\"icon_box_inner\">\n<h3 class=\"icon_box_heading\">D\u00e9j\u00e0 membre?<\/h3>\n<div class=\"icon_box_text\">\n<p style=\"text-align: left;\">Jumelez gratuitement votre num\u00e9ro de membre \u00e0 la SPA de Qu\u00e9bec en cliquant <strong><a href=\"https:\/\/bit.ly\/Convivio-SPA\">ICI<\/a>.<\/strong>\u00a0 Vous pouvez \u00e9galement le faire par t\u00e9l\u00e9phone 418 842-0623 ou par courriel \u00e0\u00a0<a href=\"mailto:monorganisme@convivio.coop\">monorganisme@convivio.coop<\/a><\/p>\n<\/div>\n<\/div>\n<\/div>\n<\/div>\n<div class=\"cmsms_column one_half\">\n\n<div id=\"cmsms_icon_box_69e1319974761\" class=\"cmsms_icon_box cmsms_icon_box_left_top box_icon_type_icon cmsms-icon-cancel-circled2-1\">\n<div class=\"icon_box_inner\">\n<h3 class=\"icon_box_heading\">Non-membre<\/h3>\n<div class=\"icon_box_text\">\n<p>Donnez notre num\u00e9ro d\u2019organisme, le 100-275 au pr\u00e9pos\u00e9 \u00e0 la caisse ou encore mieux, <a href=\"https:\/\/convivio.coop\/fr\/membre\/devenir-membre\">remplissez un formulaire d\u2019adh\u00e9sion<\/a> et devenez membre pour \u00eatre \u00e9ligible, vous aussi, \u00e0 une ristourne annuelle en fonction de votre volume d\u2019achats.<\/p>\n<\/div>\n<\/div>\n<\/div>\n<\/div>\n<\/div>\n<\/div>\n<\/div>\n<\/div>\n<\/div>\n<div id=\"cmsms_row_69e1319974791\" class=\"cmsms_row cmsms_color_scheme_default\">\n<div class=\"cmsms_row_outer_parent\">\n<div class=\"cmsms_row_outer\">\n<div class=\"cmsms_row_inner\">\n<div class=\"cmsms_row_margin\">\n<div class=\"cmsms_column one_first\">\n<div class=\"cmsms_text\">\n<h4 style=\"text-align: center;\"><strong>Un simple geste qui fait une grande diff\u00e9rence aupr\u00e8s des animaux abandonn\u00e9s!<\/strong><\/h4>\n<\/div>\n<\/div>\n<\/div>\n<\/div>\n<\/div>\n<\/div>\n<\/div>\n<div id=\"cmsms_row_69e131997480c\" class=\"cmsms_row cmsms_color_scheme_default\">\n<div class=\"cmsms_row_outer_parent\">\n<div class=\"cmsms_row_outer\">\n<div class=\"cmsms_row_inner\">\n<div class=\"cmsms_row_margin\">\n<div class=\"cmsms_column one_half\">\n<div class=\"cmsms_toggles toggles_mode_accordion\">\n<div class=\"cmsms_toggle_wrap\" data-tags=\"all \">\n<div class=\"cmsms_toggle_title\">\n<span class=\"cmsms_toggle_plus\">\n<span class=\"cmsms_toggle_plus_hor\"><\/span>\n<span class=\"cmsms_toggle_plus_vert\"><\/span>\n<\/span>\n<a href=\"#\">Succursales CONVIVIO \u2013 IGA Extra<\/a>\n<\/div>\n<div class=\"cmsms_toggle\">\n<div class=\"cmsms_toggle_inner\">\n<p>Num\u00e9ro de membre de la SPA pour cette succursale : 100-275<\/p>\n<ul>\n<li>Secteur Chauveau \u2013 <a href=\"https:\/\/goo.gl\/maps\/QE4TrSjJAuwPAD4u6\">2295, avenue Chauveau, Qu\u00e9bec, G2C 0G7<\/a><\/li>\n<li>Secteur Loretteville \u2013 <a href=\"https:\/\/goo.gl\/maps\/S9GLtxqpvNjuiv9U6\">561, rue Racine, Qu\u00e9bec, G2B 1G3<\/a><\/li>\n<li>Secteur Val-B\u00e9lair \u2013 <a href=\"https:\/\/goo.gl\/maps\/Y1BAFTfmPGai79D88\">1819, avenue Industrielle, Qu\u00e9bec, G3K 1L8<\/a><\/li>\n<\/ul>\n<\/div>\n<\/div>\n<\/div><div class=\"cmsms_toggle_wrap\" data-tags=\"all \">\n<div class=\"cmsms_toggle_title\">\n<span class=\"cmsms_toggle_plus\">\n<span class=\"cmsms_toggle_plus_hor\"><\/span>\n<span class=\"cmsms_toggle_plus_vert\"><\/span>\n<\/span>\n<a href=\"#\">Coop\u00e9rative des consommateurs de Ste-Foy<\/a>\n<\/div>\n<div class=\"cmsms_toggle\">\n<div class=\"cmsms_toggle_inner\">\n<p>Num\u00e9ro de membre de la SPA pour cette succursale : 15300<\/p>\n<ul>\n<li>IGA Coop \u2013 <a href=\"https:\/\/goo.gl\/maps\/g4q2T2i5xJd3bXxa6\">999, de Bourgogne, Qu\u00e9bec, G1W 4S6<\/a><\/li>\n<\/ul>\n<\/div>\n<\/div>\n<\/div><\/div>\n<\/div>\n<div class=\"cmsms_column one_half\">\n<div class=\"cmsms_img  cmsms_image_l\">\n<img decoding=\"async\" src=\"https:\/\/spa-quebec.ca\/ancien-site\/wp-content\/uploads\/2017\/10\/Logo-Convivio-IGA-extra.horizontal-avril-2019-300x99.jpg\" alt=\"\" \/>\n<\/div>\n<\/div>\n<\/div>\n<\/div>\n<\/div>\n<\/div>\n<\/div>\n\n","protected":false},"excerpt":{"rendered":"","protected":false},"author":21,"featured_media":0,"parent":5283,"menu_order":0,"comment_status":"closed","ping_status":"closed","template":"","meta":{"_acf_changed":false,"footnotes":""},"class_list":["post-5321","page","type-page","status-publish","hentry"],"acf":[],"_links":{"self":[{"href":"https:\/\/spa-quebec.ca\/ancien-site\/wp-json\/wp\/v2\/pages\/5321","targetHints":{"allow":["GET"]}}],"collection":[{"href":"https:\/\/spa-quebec.ca\/ancien-site\/wp-json\/wp\/v2\/pages"}],"about":[{"href":"https:\/\/spa-quebec.ca\/ancien-site\/wp-json\/wp\/v2\/types\/page"}],"author":[{"embeddable":true,"href":"https:\/\/spa-quebec.ca\/ancien-site\/wp-json\/wp\/v2\/users\/21"}],"replies":[{"embeddable":true,"href":"https:\/\/spa-quebec.ca\/ancien-site\/wp-json\/wp\/v2\/comments?post=5321"}],"version-history":[{"count":0,"href":"https:\/\/spa-quebec.ca\/ancien-site\/wp-json\/wp\/v2\/pages\/5321\/revisions"}],"up":[{"embeddable":true,"href":"https:\/\/spa-quebec.ca\/ancien-site\/wp-json\/wp\/v2\/pages\/5283"}],"wp:attachment":[{"href":"https:\/\/spa-quebec.ca\/ancien-site\/wp-json\/wp\/v2\/media?parent=5321"}],"curies":[{"name":"wp","href":"https:\/\/api.w.org\/{rel}","templated":true}]}}