{"id":5351,"date":"2017-10-20T11:23:58","date_gmt":"2017-10-20T15:23:58","guid":{"rendered":"https:\/\/spa-quebec.ca\/ancien-site\/?page_id=5351"},"modified":"2021-06-16T14:23:47","modified_gmt":"2021-06-16T18:23:47","slug":"pourquoi-choisir-la-spa","status":"publish","type":"page","link":"https:\/\/spa-quebec.ca\/ancien-site\/pourquoi-choisir-la-spa\/","title":{"rendered":"Pourquoi choisir la SPA"},"content":{"rendered":"<style type=\"text\/css\"><\/style><p><a href=\"https:\/\/spa-quebec.ca\/ancien-site\/wp-content\/uploads\/2017\/10\/2016-06-D\u00e9pliant-SPA.pdf\" target=\"_blank\" rel=\"noopener\">Version d\u00e9pliant<\/a><\/p>\n<h3>Pour adopter un animal<\/h3>\n<p>La SPA accueille plusieurs milliers d\u2019animaux par ann\u00e9e.\u00a0 Dans le cadre de sa mission, elle s\u2019efforce prioritairement de trouver un nouveau foyer pour ces animaux.\u00a0 Les frais d\u2019adoption sont abordables, et contribuent \u00e0 ce que la SPA maintienne ses services. Depuis 2001, plus de 41 000 animaux ont \u00e9t\u00e9 adopt\u00e9s!<\/p>\n<h3>Pour y apporter un animal trouv\u00e9 ou pour y confier votre animal si vous devez vous d\u00e9partir<\/h3>\n<p>Les citoyens peuvent venir y placer leur animal s&rsquo;ils ne peuvent plus prendre soin, ou porter un animal trouv\u00e9 dans les secteurs desservis par la SPA de Qu\u00e9bec.\u00a0 \u00c9tant une organisation comp\u00e9tente et professionnelle ayant acquis, au fil des ans, une grande expertise ; elle op\u00e8re un refuge animal d\u00e9j\u00e0 fonctionnel depuis de nombreuses ann\u00e9es qui accueille les animaux domestiques de la r\u00e9gion, \u00e9tant le refuge officiel de plusieurs municipalit\u00e9s.<\/p>\n<h3>Pour la diversit\u00e9 et la qualit\u00e9 de ses services<\/h3>\n<p>&gt; Malgr\u00e9 ses ressources limit\u00e9es, elle dessert loyalement les gens de la r\u00e9gion depuis 1875. Son refuge animal est ouvert au public et elle offre un service d\u2019urgence sur la route 24 heures sur 24 donn\u00e9 par des agents de contr\u00f4le qualifi\u00e9s et bien identifi\u00e9s.<\/p>\n<ul>\n<li>Elle offre, prioritairement aux personnes ayant adopt\u00e9 un animal de la SPA, des services conseils donn\u00e9s par des techniciens en sant\u00e9 animale pendant une p\u00e9riode suivant l\u2019adoption, ainsi qu&rsquo;une excellente garantie sur la sant\u00e9,\u00a0offerte \u00a0par le biais de notre v\u00e9t\u00e9rinaire. En tant qu\u2019organisme de bienfaisance, les services qu\u2019elle offre sont majoritairement non taxables.<\/li>\n<li>Elle \u00e9tablit des partenariats pour notamment favoriser l\u2019adoption des animaux<\/li>\n<\/ul>\n<p>&gt; Elle offre un service de location de cages de capture s\u00e9curitaires ainsi qu\u2019un service de relocalisation de la petite faune (ratons laveurs, etc.).<\/p>\n<p>&gt; Elle s\u2019efforce de sensibiliser la population \u00e0 l\u2019importance de la vie animale et \u00e0 une saine cohabitation avec l\u2019homme. Elle aborde des th\u00e8mes tels que la st\u00e9rilisation, la micropuce et l\u2019importance du port du m\u00e9daillon (licence municipale) pour favoriser la r\u00e9clamation des animaux perdus et comme outil de contr\u00f4le de la surpopulation animale.<\/p>\n<p>&gt; Elle offre, dans diverses municipalit\u00e9s, un service de recensement des populations animales et d\u2019\u00e9mission de licences.<\/p>\n<p>&gt; Elle peut proc\u00e9der aux inspections pour cruaut\u00e9 animale ou pour le bien-\u00eatre animal (P-42) sur l\u2019ensemble du territoire des villes qu\u2019elle dessert.\u00a0 Des constables sp\u00e9ciaux accr\u00e9dit\u00e9s par le minist\u00e8re de la S\u00e9curit\u00e9 publique ainsi que des inspecteurs nomm\u00e9s par le MAPAQ agissent \u00e0 ce titre.<\/p>\n<p>&gt; Elle est membre de l&rsquo;AQSS, l&rsquo;Association qu\u00e9b\u00e9coise des SPA et SPCA, qui notamment travaille \u00e0 l&rsquo;am\u00e9lioration des lois, telle la loi 54 d\u00e9pos\u00e9e par le Ministre Paradis du MAPAQ, en juin 2015, loi qui a permis d&rsquo;am\u00e9liorer le statut d&rsquo;un animal. Cette loi pr\u00e9cise qu&rsquo;un animal n&rsquo;est plus consid\u00e9r\u00e9 comme un objet, mais comme un \u00eatre dou\u00e9 de sensibilit\u00e9 et ayant des imp\u00e9ratifs biologiques.<\/p>\n<h3>Pour l&rsquo;aider<\/h3>\n<p>Elle est un organisme ind\u00e9pendant ne recevant aucune aide financi\u00e8re d\u2019un palier gouvernemental. Elle ne se finance strictement par ses propres activit\u00e9s. Les dons remis \u00e0 la SPCA de Montr\u00e9al ou d&rsquo;autres organisations, ne se rendent pas \u00e0 la SPA de Qu\u00e9bec. Elle a, dans le pass\u00e9, \u00e9voqu\u00e9 \u00e0 plusieurs reprises les r\u00e9novations \u00e0 apporter \u00e0 son refuge.\u00a0 Il appara\u00eet maintenant essentiel d&rsquo;agir afin de ne pas nuire \u00e0 la\u00a0sant\u00e9 des animaux et pour continuer sa mission.<\/p>\n<h3>\u00c0 propos de la SPA<\/h3>\n<ul>\n<li>Fond\u00e9e en 1875, elle est un organisme sans but lucratif g\u00e9r\u00e9 par un conseil d\u2019administration compos\u00e9 enti\u00e8rement de b\u00e9n\u00e9voles ayant des expertises professionnelles vari\u00e9es (finances, v\u00e9t\u00e9rinaire, etc.) et des habilet\u00e9s de gestion d\u00e9montr\u00e9es.<\/li>\n<\/ul>\n<blockquote><p>Sa mission est d\u2019am\u00e9liorer la qualit\u00e9 de vie des animaux domestiques en contribuant \u00e0 leur sant\u00e9, leur bien-\u00eatre et leur s\u00e9curit\u00e9 et ce, tout en \u00e9duquant et en sensibilisant la population \u00e0 l\u2019importance de la vie animale.<\/p><\/blockquote>\n<p>&gt; Elle collabore \u00e9troitement avec les diff\u00e9rents corps policiers et responsables municipaux.<\/p>\n<p>&gt; Elle a la capacit\u00e9 d\u2019assurer le bien-\u00eatre de plus d\u2019une centaine d\u2019animaux par jour, en leur apportant des soins tant pr\u00e9ventifs que curatifs, prescrits par\u00a0son v\u00e9t\u00e9rinaire, et administr\u00e9s par les techniciens en sant\u00e9 animale.<\/p>\n<p>&gt; Elle est munie d\u2019un syst\u00e8me de communication permettant aux citoyens de pouvoir la contacter en tout temps, minimisant les d\u00e9lais d\u2019intervention.<\/p>\n","protected":false},"excerpt":{"rendered":"<p>Version d\u00e9pliant Pour adopter un animal La SPA accueille plusieurs milliers d\u2019animaux par ann\u00e9e.\u00a0 Dans le cadre de sa mission, elle s\u2019efforce prioritairement de trouver un nouveau foyer pour ces animaux.\u00a0 Les frais d\u2019adoption sont abordables, et contribuent \u00e0 ce que la SPA maintienne ses services. Depuis 2001, plus de 41 000 animaux ont \u00e9t\u00e9&#8230;<\/p>\n","protected":false},"author":21,"featured_media":0,"parent":0,"menu_order":0,"comment_status":"closed","ping_status":"closed","template":"","meta":{"_acf_changed":false,"footnotes":""},"class_list":["post-5351","page","type-page","status-publish","hentry"],"acf":[],"_links":{"self":[{"href":"https:\/\/spa-quebec.ca\/ancien-site\/wp-json\/wp\/v2\/pages\/5351","targetHints":{"allow":["GET"]}}],"collection":[{"href":"https:\/\/spa-quebec.ca\/ancien-site\/wp-json\/wp\/v2\/pages"}],"about":[{"href":"https:\/\/spa-quebec.ca\/ancien-site\/wp-json\/wp\/v2\/types\/page"}],"author":[{"embeddable":true,"href":"https:\/\/spa-quebec.ca\/ancien-site\/wp-json\/wp\/v2\/users\/21"}],"replies":[{"embeddable":true,"href":"https:\/\/spa-quebec.ca\/ancien-site\/wp-json\/wp\/v2\/comments?post=5351"}],"version-history":[{"count":0,"href":"https:\/\/spa-quebec.ca\/ancien-site\/wp-json\/wp\/v2\/pages\/5351\/revisions"}],"wp:attachment":[{"href":"https:\/\/spa-quebec.ca\/ancien-site\/wp-json\/wp\/v2\/media?parent=5351"}],"curies":[{"name":"wp","href":"https:\/\/api.w.org\/{rel}","templated":true}]}}