{"id":7141,"date":"2020-03-24T11:54:37","date_gmt":"2020-03-24T15:54:37","guid":{"rendered":"https:\/\/spa-quebec.ca\/ancien-site\/?page_id=7141"},"modified":"2021-08-25T14:11:05","modified_gmt":"2021-08-25T18:11:05","slug":"covid-19","status":"publish","type":"page","link":"https:\/\/spa-quebec.ca\/ancien-site\/a-propos\/covid-19\/","title":{"rendered":"covid-19"},"content":{"rendered":"<style type=\"text\/css\"> \n#cmsms_row_69e12fba11ae2 .cmsms_row_outer_parent { \n\tpadding-top: 0px; \n} \n\n#cmsms_row_69e12fba11ae2 .cmsms_row_outer_parent { \n\tpadding-bottom: 50px; \n} \n\n<\/style><div id=\"cmsms_row_69e12fba118ff\" class=\"cmsms_row cmsms_color_scheme_default\">\n<div class=\"cmsms_row_outer_parent\">\n<div class=\"cmsms_row_outer\">\n<div class=\"cmsms_row_inner\">\n<div class=\"cmsms_row_margin\">\n<div class=\"cmsms_column one_first\">\n<div class=\"cmsms_text\">\n<h3>EN TEMPS DE PAND\u00c9MIE<\/h3>\n<h3><span style=\"font-family: Arial, Helvetica, 'Nimbus Sans L', sans-serif; font-size: 13px;\">Nous avons restreint les visite au refuge \u00e0 l&rsquo;essentiel afin de respecter les mesures ordonn\u00e9es par les autorit\u00e9s.\u00a0 Veuillez consulter les informations pr\u00e9sent\u00e9es ici-bas pour en apprendre davantage sur les services en vigueur, la proc\u00e9dure d&rsquo;adoption, les dons, etc.\u00a0\u00a0<\/span><\/h3>\n<h6><\/h6>\n<h6>PORT DU MASQUE<\/h6>\n<p>La SPA de Qu\u00e9bec ne fait pas exception \u00e0 la nouvelle mesure impos\u00e9e par le gouvernement, le port du masque ou du couvre-visage (couvrant le nez et la bouche) est obligatoire pour toute personne fr\u00e9quentant le refuge, d\u00e8s samedi 18 juillet. Notez que la visi\u00e8re ne remplace pas le masque ou le couvre-visage. On vous rappelle \u00e9galement que, pour les enfants de 2 \u00e0 12 ans, le port du couvre-visage est fortement recommand\u00e9, mais pas obligatoire.\u00a0 La sant\u00e9 de<span class=\"text_exposed_show\">\u00a0tout \u00eatre vivant est importante.\u00a0Merci de votre collaboration.<\/span><\/p>\n<p><span class=\"_5mfr\"><span class=\"_6qdm\"><img decoding=\"async\" class=\"emoji\" draggable=\"false\" src=\"https:\/\/s.w.org\/images\/core\/emoji\/2.3\/svg\/2795.svg\" alt=\"\u2795\" \/><\/span><\/span>\u00a0Pour nous aider \u00e0 prendre soin des animaux durant cette dure p\u00e9riode :<strong>\u00a0<\/strong><a href=\"https:\/\/jedonneenligne.org\/spadequebec\/COVID19SW\/\">Don en ligne<\/a><\/p>\n<p><span class=\"_5mfr\"><span class=\"_6qdm\"><img decoding=\"async\" class=\"emoji\" draggable=\"false\" src=\"https:\/\/s.w.org\/images\/core\/emoji\/2.3\/svg\/2795.svg\" alt=\"\u2795\" \/>\u00a0Pour faire un don de mat\u00e9riel utile au refuge :<strong>\u00a0<\/strong><a href=\"https:\/\/spa-quebec.ca\/ancien-site\/faire-un-don\/faire-don-darticles\/\">Liste de souhaits<\/a><\/span><\/span><\/p>\n<p><strong><span class=\"text_exposed_show\">Si vous \u00eates int\u00e9ress\u00e9 \u00e0 adopter, svp bien lire la proc\u00e9dure ici-bas.<\/span><\/strong><\/p>\n<\/div>\n<\/div>\n<\/div>\n<\/div>\n<\/div>\n<\/div>\n<\/div>\n<div id=\"cmsms_row_69e12fba11ae2\" class=\"cmsms_row cmsms_color_scheme_default\">\n<div class=\"cmsms_row_outer_parent\">\n<div class=\"cmsms_row_outer\">\n<div class=\"cmsms_row_inner\">\n<div class=\"cmsms_row_margin\">\n<div class=\"cmsms_column one_first\">\n<div class=\"cmsms_toggles toggles_mode_accordion\">\n<div class=\"cmsms_toggle_wrap current_toggle\" data-tags=\"all \">\n<div class=\"cmsms_toggle_title\">\n<span class=\"cmsms_toggle_plus\">\n<span class=\"cmsms_toggle_plus_hor\"><\/span>\n<span class=\"cmsms_toggle_plus_vert\"><\/span>\n<\/span>\n<a href=\"#\">Services essentiels<\/a>\n<\/div>\n<div class=\"cmsms_toggle\">\n<div class=\"cmsms_toggle_inner\">\n<p>Le <strong>service d&rsquo;urgence 24\/7<\/strong> demeure actif (animal trouv\u00e9 ou bless\u00e9 : 418 527-9107)<\/p>\n<h4>Services essentiels<\/h4>\n<ul>\n<li><a class=\"text-is-blue\" href=\"https:\/\/spa-quebec.ca\/ancien-site\/services\/confiez-nous-votre-animal\/\">Abandon d\u2019un animal<\/a><\/li>\n<li><a class=\"text-is-blue\" href=\"https:\/\/spa-quebec.ca\/ancien-site\/services\/animal-perdu-trouve\/\">Animal trouv\u00e9<\/a><\/li>\n<li>Animal bless\u00e9<\/li>\n<li><a href=\"https:\/\/spa-quebec.ca\/ancien-site\/devenir-famille-daccueil\/\">Famille d\u2019accueil\u00a0<\/a><\/li>\n<li><a href=\"https:\/\/spa-quebec.ca\/ancien-site\/adoption\/\">Adoption <\/a>(sans rendez-vous, voyez la proc\u00e9dure compl\u00e8te ci-bas)<\/li>\n<li>Animal en fin de vie (Consultez : \u00ab <a href=\"https:\/\/spa-quebec.ca\/ancien-site\/services\/leuthanasie-seule-solution\/\">Quand l&rsquo;euthanasie est la seule option <\/a>\u00bb)<\/li>\n<\/ul>\n<h4><\/h4>\n<h4>Visite au refuge<\/h4>\n<ul>\n<li>Pour les services autres que l&rsquo;adoption, prenez un rendez-vous par t\u00e9l\u00e9phone 418 527-9104 ou \u00e9crivez \u00e0 <a href=\"mailto:info@spadequebec.ca\">info@spadequebec.ca<br \/>\n<\/a>*<em>Soyez conscients que nous sommes \u00e0 personnel r\u00e9duit et nous faisons notre possible pour r\u00e9pondre \u00e0 toutes vos demandes.\u00a0 Si vous n\u2019avez pas la ligne, laissez-nous un message vocal avec vos coordonn\u00e9es compl\u00e8tes.<\/em><\/li>\n<\/ul>\n<ul>\n<li>\u00c0 votre arriv\u00e9e, signifiez d&rsquo;abord votre pr\u00e9sence au pr\u00e9pos\u00e9 et on vous expliquera la marche \u00e0 suivre.<\/li>\n<li>La porte du refuge est verrouill\u00e9e en tout temps. Restez \u00e0 l\u2019ext\u00e9rieur du refuge en respectant deux (2) m\u00e8tres de distance avec les autres personnes.<\/li>\n<li>Vous devez vous d\u00e9sinfecter les mains \u00e0 l\u2019entr\u00e9e et \u00e0 la sortie.<\/li>\n<li>Si vous pr\u00e9sentez des sympt\u00f4mes tels que la fi\u00e8vre, toux, fatigue ou courbatures, svp ne pas vous pr\u00e9senter au refuge, nous pouvons vous pr\u00eater assistance par t\u00e9l\u00e9phone (418 527-9104) ou par courriel (info@spadequebec.ca).<\/li>\n<\/ul>\n<p>Nous ferons des mises \u00e0 jour selon l&rsquo;\u00e9volution de la situation.<\/p>\n<p>Merci de votre compr\u00e9hension.<\/p>\n<\/div>\n<\/div>\n<\/div><div class=\"cmsms_toggle_wrap\" data-tags=\"all \">\n<div class=\"cmsms_toggle_title\">\n<span class=\"cmsms_toggle_plus\">\n<span class=\"cmsms_toggle_plus_hor\"><\/span>\n<span class=\"cmsms_toggle_plus_vert\"><\/span>\n<\/span>\n<a href=\"#\">Proc\u00e9dure d\u2032adoption<\/a>\n<\/div>\n<div class=\"cmsms_toggle\">\n<div class=\"cmsms_toggle_inner\">\n<ul>\n<li>Consultez la liste des animaux disponibles :<strong>\u00a0<a class=\"text-is-blue\" href=\"https:\/\/spa-quebec.ca\/ancien-site\/adoption\/?fbclid=IwAR1KN2n3-xaVZFV5BkPKGgeH4azchfTBdsjkfC3mZXC8Z_6-KRG9Ypie5j0\" target=\"_blank\" rel=\"nofollow noopener\" data-lynx-mode=\"asynclazy\" data-lynx-uri=\"https:\/\/l.facebook.com\/l.php?u=https%3A%2F%2Fspadequebec.ca%2Fadoption%2F%3Ffbclid%3DIwAR1KN2n3-xaVZFV5BkPKGgeH4azchfTBdsjkfC3mZXC8Z_6-KRG9Ypie5j0&amp;h=AT26ViVt18A3Q8oNjzaXQIT1ZJKxBN3oiEPhRbO5zyhoi2WUl-SdFrSigGUY5swA_yJxCVHKYbOtITSRJkdyWT-4Hrz5XTikdrtu2uW986xoG-kbo591i9NQM0keVJZwhW6qGg\">spadequebec.ca\/<wbr \/>adoption\/<\/a>\u00a0<\/strong>(cette page est mise \u00e0 jour plusieurs fois dans la journ\u00e9e)<\/li>\n<li><span class=\"text_exposed_show\">Pr\u00e9sentez-vous au refuge durant nos <strong><a href=\"https:\/\/spa-quebec.ca\/ancien-site\/nous-joindre\/\">heures d&rsquo;ouverture.<\/a><\/strong><\/span><\/li>\n<li><span class=\"text_exposed_show\">\u00c0 votre arriv\u00e9e, attendez en file \u00e0 l&rsquo;ext\u00e9rieur en respectant une distance de deux (2) m\u00e8tres de distance avec les autres personnes.\u00a0Un pr\u00e9pos\u00e9 vous r\u00e9pondra et vous expliquera la marche \u00e0 suivre.\u00a0 Nous ne prenons pas de rendez-vous pour les adoptions et ne faisons aucune r\u00e9servation. <\/span><span class=\"text_exposed_show\"><strong><a class=\"text-is-red\">\u00c9vitez svp de surcharger nos lignes t\u00e9l\u00e9phoniques, nous ne faisons aucune r\u00e9servation.\u00a0 Merci de votre compr\u00e9hension.<\/a><\/strong>\u00a0<\/span><\/li>\n<li>Restez \u00e0 l\u2019ext\u00e9rieur en respectant une distance de deux (2) m\u00e8tres de distance avec les autres personnes.\u00a0 On vous appellera lorsque votre tour sera venu.<\/li>\n<li>Vous devez vous laver les mains \u00e0 l\u2019entr\u00e9e et \u00e0 la sortie.<\/li>\n<li>Si vous pr\u00e9sentez des sympt\u00f4mes tels que la fi\u00e8vre, toux, fatigue ou courbatures, svp ne pas vous pr\u00e9senter au refuge.<\/li>\n<\/ul>\n<h4>NOTE<\/h4>\n<p>Les frais d&rsquo;adoption varient pour un animal non st\u00e9rilis\u00e9.<br \/>\n1) Ramenez l&rsquo;animal pour une st\u00e9rilisation \u00e0 la SPA (quand la situation nous le permettera) et obtenez un montant* en retour.<br \/>\n2) Fournissez une preuve de st\u00e9rilisation faite en clinique externe et obtenez un montant* en retour.<br \/>\n<em>* Le montant est attribu\u00e9 selon l&rsquo;esp\u00e8ce.\u00a0 Plus de d\u00e9tails sur place.<\/em><\/p>\n<p><strong>Nous ne faisons aucune r\u00e9servation et fonctionnons par ordre de pr\u00e9sence et la nature du service. Cette m\u00e9thode consiste \u00e0 assurer un roulement du secteur de l&rsquo;adoption en respectant les mesures ordonn\u00e9es par le gourvenement.\u00a0 Votre sant\u00e9, celle de nos employ\u00e9s ainsi que celle de nos pensionnaires sont notre priorit\u00e9.\u00a0<\/strong><\/p>\n<\/div>\n<\/div>\n<\/div><div class=\"cmsms_toggle_wrap\" data-tags=\"all \">\n<div class=\"cmsms_toggle_title\">\n<span class=\"cmsms_toggle_plus\">\n<span class=\"cmsms_toggle_plus_hor\"><\/span>\n<span class=\"cmsms_toggle_plus_vert\"><\/span>\n<\/span>\n<a href=\"#\">Devenir famille d\u2032accueil<\/a>\n<\/div>\n<div class=\"cmsms_toggle\">\n<div class=\"cmsms_toggle_inner\">\n<p>Nous invitons tous ceux qui veulent et peuvent devenir une famille d\u2019accueil pour un animal du refuge \u00e0 <a class=\"text-is-blue\" href=\"https:\/\/docs.google.com\/forms\/d\/e\/1FAIpQLSdGqa5AUqGBO4rIZ1yttxbYQ1kK75ucG4A4T25rbllHILQWSw\/viewform\"><strong>remplir le formulaire<\/strong><\/a> pr\u00e9vu \u00e0 cet effet.\u00a0 Pour le moment, nos op\u00e9rations sont r\u00e9duites \u00e0 l&rsquo;essentiel, mais\u00a0<strong>si\u00a0les actitvit\u00e9s du refuge devaient \u00eatre perturb\u00e9es de mani\u00e8re encore plus importante, nous aurions alors besoin de beaucoup de familles d\u2019accueil.<\/strong>\u00a0Nous agissons de mani\u00e8re pr\u00e9ventive et aucun animal ne sera plac\u00e9 en famille d\u2019accueil \u00e0 cause de la Covid-19 \u00e0 moins de changements majeurs.<\/p>\n<p>Suivi : Nous fonctionnons \u00e0 personnel r\u00e9duit, afin d&rsquo;\u00e9viter un d\u00e9bordement, svp laissez-nous le soin de vous contacter et non l&rsquo;inverse.<\/p>\n<\/div>\n<\/div>\n<\/div><\/div>\n<\/div>\n<\/div>\n<\/div>\n<\/div>\n<\/div>\n<\/div>\n\n","protected":false},"excerpt":{"rendered":"","protected":false},"author":21,"featured_media":0,"parent":4473,"menu_order":0,"comment_status":"closed","ping_status":"closed","template":"","meta":{"_acf_changed":false,"footnotes":""},"class_list":["post-7141","page","type-page","status-publish","hentry"],"acf":[],"_links":{"self":[{"href":"https:\/\/spa-quebec.ca\/ancien-site\/wp-json\/wp\/v2\/pages\/7141","targetHints":{"allow":["GET"]}}],"collection":[{"href":"https:\/\/spa-quebec.ca\/ancien-site\/wp-json\/wp\/v2\/pages"}],"about":[{"href":"https:\/\/spa-quebec.ca\/ancien-site\/wp-json\/wp\/v2\/types\/page"}],"author":[{"embeddable":true,"href":"https:\/\/spa-quebec.ca\/ancien-site\/wp-json\/wp\/v2\/users\/21"}],"replies":[{"embeddable":true,"href":"https:\/\/spa-quebec.ca\/ancien-site\/wp-json\/wp\/v2\/comments?post=7141"}],"version-history":[{"count":0,"href":"https:\/\/spa-quebec.ca\/ancien-site\/wp-json\/wp\/v2\/pages\/7141\/revisions"}],"up":[{"embeddable":true,"href":"https:\/\/spa-quebec.ca\/ancien-site\/wp-json\/wp\/v2\/pages\/4473"}],"wp:attachment":[{"href":"https:\/\/spa-quebec.ca\/ancien-site\/wp-json\/wp\/v2\/media?parent=7141"}],"curies":[{"name":"wp","href":"https:\/\/api.w.org\/{rel}","templated":true}]}}