{"id":7915,"date":"2021-03-11T09:20:59","date_gmt":"2021-03-11T14:20:59","guid":{"rendered":"https:\/\/spa-quebec.ca\/ancien-site\/?page_id=7915"},"modified":"2025-02-26T11:10:54","modified_gmt":"2025-02-26T16:10:54","slug":"chats-de-ferme","status":"publish","type":"page","link":"https:\/\/spa-quebec.ca\/ancien-site\/chats-de-ferme\/","title":{"rendered":"Chats de ferme"},"content":{"rendered":"<style type=\"text\/css\"> \n#cmsms_row_69e1325748788 .cmsms_row_outer_parent { \n\tpadding-top: 0px; \n} \n\n#cmsms_row_69e1325748788 .cmsms_row_outer_parent { \n\tpadding-bottom: 50px; \n} \n\n \n#cmsms_row_69e13257492b8 .cmsms_row_outer_parent { \n\tpadding-top: 0px; \n} \n\n#cmsms_row_69e13257492b8 .cmsms_row_outer_parent { \n\tpadding-bottom: 50px; \n} \n\n \n#cmsms_row_69e1325749514 .cmsms_row_outer_parent { \n\tpadding-top: 0px; \n} \n\n#cmsms_row_69e1325749514 .cmsms_row_outer_parent { \n\tpadding-bottom: 50px; \n} \n\n<\/style><div id=\"cmsms_row_69e1325748788\" class=\"cmsms_row cmsms_color_scheme_default\">\n<div class=\"cmsms_row_outer_parent\">\n<div class=\"cmsms_row_outer\">\n<div class=\"cmsms_row_inner\">\n<div class=\"cmsms_row_margin\">\n<div class=\"cmsms_column one_half\">\n<div class=\"cmsms_text\">\n<h3>\u00a0<\/h3>\n<h3><strong>Programme d&rsquo;adoption de chats de ferme\u00a0<\/strong><\/h3>\n<p>Vous cherchez de la compagnie pour votre ferme, grange, \u00e9curie ou tout autre espace ext\u00e9rieur ? Vous avez besoin d&rsquo;un chasseur pour contr\u00f4ler les nuisibles ? L&rsquo;adoption d&rsquo;un chat de ferme est la solution id\u00e9ale pour vous !<\/p>\n<p>Ce programme a \u00e9t\u00e9 mis en place dans le but de sauver des chats qui ne sont pas propices pour vivre dans une maison. Ces chats sont souvent tr\u00e8s craintifs de l&rsquo;humain, ils ont toujours v\u00e9cu \u00e0 l&rsquo;ext\u00e9rieur et ils pr\u00e9f\u00e8rent la compagnie d&rsquo;autres animaux que celle des humains. Les chats qui sont plac\u00e9s dans ce programme\u00a0 sont en bonne sant\u00e9 et n&rsquo;ont pu \u00eatre retourn\u00e9s dans leur habitat d&rsquo;origine.\u00a0<\/p>\n<p>Lorsque vous adoptez un chat de ferme, vous sauvez \u00e9galement la vie d&rsquo;un animal qui n&rsquo;aurait pas \u00e9t\u00e9 propice pour l&rsquo;adoption. Il est important de noter qu&rsquo;il est probable que vous ne puissiez jamais flatter ces chats, tr\u00e8s craintifs de l&rsquo;humain.<\/p>\n<\/div>\n<\/div>\n<div class=\"cmsms_column one_half\">\n<div class=\"content_slider_wrap\" style=\"max-width:300px;\">\n<script type=\"text\/javascript\">jQuery(document).ready(function () { jQuery(\"#cmsms_slider_69e13257489af.content_slider\").owlCarousel( { singleItem : true, transitionStyle: false, rewindSpeed : 1000, slideSpeed : 600, autoHeight : true, paginationSpeed : \t600, autoPlay : 7000,navigationText : \t[ \"<span class=\\\"cmsms_prev_arrow\\\"><span><\/span><\/span>\", \"<span class=\\\"cmsms_next_arrow\\\"><span><\/span><\/span>\" ] } );} );<\/script>\n<div id=\"cmsms_slider_69e13257489af\" class=\"content_slider owl-carousel\">\n<div class=\"item\"><img loading=\"lazy\" decoding=\"async\" width=\"300\" height=\"277\" src=\"https:\/\/spa-quebec.ca\/ancien-site\/wp-content\/uploads\/2021\/02\/cat-1940489_1920-300x277.jpg\" class=\"attachment-medium size-medium\" alt=\"\" srcset=\"https:\/\/spa-quebec.ca\/ancien-site\/wp-content\/uploads\/2021\/02\/cat-1940489_1920-300x277.jpg 300w, https:\/\/spa-quebec.ca\/ancien-site\/wp-content\/uploads\/2021\/02\/cat-1940489_1920-768x708.jpg 768w, https:\/\/spa-quebec.ca\/ancien-site\/wp-content\/uploads\/2021\/02\/cat-1940489_1920-1024x945.jpg 1024w, https:\/\/spa-quebec.ca\/ancien-site\/wp-content\/uploads\/2021\/02\/cat-1940489_1920-580x535.jpg 580w, https:\/\/spa-quebec.ca\/ancien-site\/wp-content\/uploads\/2021\/02\/cat-1940489_1920-820x756.jpg 820w, https:\/\/spa-quebec.ca\/ancien-site\/wp-content\/uploads\/2021\/02\/cat-1940489_1920-1160x1070.jpg 1160w, https:\/\/spa-quebec.ca\/ancien-site\/wp-content\/uploads\/2021\/02\/cat-1940489_1920-e1614108314898.jpg 1800w\" sizes=\"auto, (max-width: 300px) 100vw, 300px\" \/><\/div><div class=\"item\"><img loading=\"lazy\" decoding=\"async\" width=\"300\" height=\"200\" src=\"https:\/\/spa-quebec.ca\/ancien-site\/wp-content\/uploads\/2021\/03\/cat-5018198_1920-300x200.jpg\" class=\"attachment-medium size-medium\" alt=\"\" srcset=\"https:\/\/spa-quebec.ca\/ancien-site\/wp-content\/uploads\/2021\/03\/cat-5018198_1920-300x200.jpg 300w, https:\/\/spa-quebec.ca\/ancien-site\/wp-content\/uploads\/2021\/03\/cat-5018198_1920-768x512.jpg 768w, https:\/\/spa-quebec.ca\/ancien-site\/wp-content\/uploads\/2021\/03\/cat-5018198_1920-1024x683.jpg 1024w, https:\/\/spa-quebec.ca\/ancien-site\/wp-content\/uploads\/2021\/03\/cat-5018198_1920-580x387.jpg 580w, https:\/\/spa-quebec.ca\/ancien-site\/wp-content\/uploads\/2021\/03\/cat-5018198_1920-820x547.jpg 820w, https:\/\/spa-quebec.ca\/ancien-site\/wp-content\/uploads\/2021\/03\/cat-5018198_1920-1160x773.jpg 1160w, https:\/\/spa-quebec.ca\/ancien-site\/wp-content\/uploads\/2021\/03\/cat-5018198_1920.jpg 1920w\" sizes=\"auto, (max-width: 300px) 100vw, 300px\" \/><\/div><div class=\"item\"><img loading=\"lazy\" decoding=\"async\" width=\"300\" height=\"225\" src=\"https:\/\/spa-quebec.ca\/ancien-site\/wp-content\/uploads\/2021\/03\/cat-5801324_1920-300x225.jpg\" class=\"attachment-medium size-medium\" alt=\"\" srcset=\"https:\/\/spa-quebec.ca\/ancien-site\/wp-content\/uploads\/2021\/03\/cat-5801324_1920-300x225.jpg 300w, https:\/\/spa-quebec.ca\/ancien-site\/wp-content\/uploads\/2021\/03\/cat-5801324_1920-768x576.jpg 768w, https:\/\/spa-quebec.ca\/ancien-site\/wp-content\/uploads\/2021\/03\/cat-5801324_1920-1024x768.jpg 1024w, https:\/\/spa-quebec.ca\/ancien-site\/wp-content\/uploads\/2021\/03\/cat-5801324_1920-580x435.jpg 580w, https:\/\/spa-quebec.ca\/ancien-site\/wp-content\/uploads\/2021\/03\/cat-5801324_1920-820x615.jpg 820w, https:\/\/spa-quebec.ca\/ancien-site\/wp-content\/uploads\/2021\/03\/cat-5801324_1920-1160x870.jpg 1160w, https:\/\/spa-quebec.ca\/ancien-site\/wp-content\/uploads\/2021\/03\/cat-5801324_1920.jpg 1920w\" sizes=\"auto, (max-width: 300px) 100vw, 300px\" \/><\/div><div class=\"item\"><img loading=\"lazy\" decoding=\"async\" width=\"300\" height=\"200\" src=\"https:\/\/spa-quebec.ca\/ancien-site\/wp-content\/uploads\/2021\/02\/cat-4496232_1920-300x200.jpg\" class=\"attachment-medium size-medium\" alt=\"\" srcset=\"https:\/\/spa-quebec.ca\/ancien-site\/wp-content\/uploads\/2021\/02\/cat-4496232_1920-300x200.jpg 300w, https:\/\/spa-quebec.ca\/ancien-site\/wp-content\/uploads\/2021\/02\/cat-4496232_1920-768x511.jpg 768w, https:\/\/spa-quebec.ca\/ancien-site\/wp-content\/uploads\/2021\/02\/cat-4496232_1920-1024x682.jpg 1024w, https:\/\/spa-quebec.ca\/ancien-site\/wp-content\/uploads\/2021\/02\/cat-4496232_1920-580x386.jpg 580w, https:\/\/spa-quebec.ca\/ancien-site\/wp-content\/uploads\/2021\/02\/cat-4496232_1920-820x546.jpg 820w, https:\/\/spa-quebec.ca\/ancien-site\/wp-content\/uploads\/2021\/02\/cat-4496232_1920-1160x772.jpg 1160w, https:\/\/spa-quebec.ca\/ancien-site\/wp-content\/uploads\/2021\/02\/cat-4496232_1920-e1614108324457.jpg 1800w\" sizes=\"auto, (max-width: 300px) 100vw, 300px\" \/><\/div><\/div>\n<\/div>\n<\/div>\n<\/div>\n<\/div>\n<\/div>\n<\/div>\n<\/div>\n<div id=\"cmsms_row_69e13257492b8\" class=\"cmsms_row cmsms_color_scheme_default\">\n<div class=\"cmsms_row_outer_parent\">\n<div class=\"cmsms_row_outer\">\n<div class=\"cmsms_row_inner\">\n<div class=\"cmsms_row_margin\">\n<div class=\"cmsms_column one_first\">\n<div class=\"cmsms_toggles toggles_mode_accordion\">\n<div class=\"cmsms_toggle_wrap\" data-tags=\"all \">\n<div class=\"cmsms_toggle_title\">\n<span class=\"cmsms_toggle_plus\">\n<span class=\"cmsms_toggle_plus_hor\"><\/span>\n<span class=\"cmsms_toggle_plus_vert\"><\/span>\n<\/span>\n<a href=\"#\">Les frais pour l\u2032adoption d\u2032un chat de ferme <\/a>\n<\/div>\n<div class=\"cmsms_toggle\">\n<div class=\"cmsms_toggle_inner\">\n<p>L&rsquo;adoption d&rsquo;un chat de ferme est sans frais.<\/p>\n<p>Le co\u00fbt r\u00e9el pour le placement d&rsquo;un chat de ferme est en moyenne 350$. \u00c0 noter qu&rsquo;ils sont tous st\u00e9rilis\u00e9s, vaccin\u00e9s et micropuc\u00e9s. Nous acceptons les dons volontaires afin de maintenir la p\u00e9rennit\u00e9 du programme.<\/p>\n<\/div>\n<\/div>\n<\/div><div class=\"cmsms_toggle_wrap\" data-tags=\"all \">\n<div class=\"cmsms_toggle_title\">\n<span class=\"cmsms_toggle_plus\">\n<span class=\"cmsms_toggle_plus_hor\"><\/span>\n<span class=\"cmsms_toggle_plus_vert\"><\/span>\n<\/span>\n<a href=\"#\">Le temp\u00e9rament d\u2032un chat de ferme <\/a>\n<\/div>\n<div class=\"cmsms_toggle\">\n<div class=\"cmsms_toggle_inner\">\n<p>Les chats qui se qualifient pour ce programme ne sont pas des chats sociables, ni d&rsquo;int\u00e9rieur. Ils ont toujours v\u00e9cu \u00e0 l&rsquo;ext\u00e9rieur, se montrent tr\u00e8s craintifs\u00a0 &#8211; voir m\u00eame sauvages &#8211; des humains . Ils pr\u00e9f\u00e8rent en g\u00e9n\u00e9ral \u00eatre ind\u00e9pendants des humains. En adoptant un chat de ferme, vous devez \u00eatre conscient que vous ne serez pas en mesure d&rsquo;approcher le chat ou de le flatter et ce, durant plusieurs semaines, mois ou voir jamais. Ces chats ont besoin d&rsquo;espace, d&rsquo;un travail et de pouvoir fuir s&rsquo;ils en ont envie.<\/p>\n<p>Les chats qui se qualifient pour ce programme sont&#8230;<\/p>\n<ul>\n<li>des chats trop craintifs des humains ou sauvages<\/li>\n<li>des chats trop \u00e9nergiques qui ont d\u00e9velopp\u00e9s des probl\u00e8mes comportements en \u00e9tant confin\u00e9s \u00e0 l&rsquo;int\u00e9rieur ; ils s&rsquo;\u00e9panouisseront en travaillant \u00e0 l&rsquo;ext\u00e9rieur;<\/li>\n<li>des chats ayant des probl\u00e8mes de propret\u00e9 qui ne sont pas d&rsquo;origines m\u00e9dicales.<\/li>\n<\/ul>\n<\/div>\n<\/div>\n<\/div><div class=\"cmsms_toggle_wrap\" data-tags=\"all \">\n<div class=\"cmsms_toggle_title\">\n<span class=\"cmsms_toggle_plus\">\n<span class=\"cmsms_toggle_plus_hor\"><\/span>\n<span class=\"cmsms_toggle_plus_vert\"><\/span>\n<\/span>\n<a href=\"#\">Processus d\u2032adoption <\/a>\n<\/div>\n<div class=\"cmsms_toggle\">\n<div class=\"cmsms_toggle_inner\">\n<p>Pour adopter un chat de ferme, vous devez :<\/p>\n<ul>\n<li>ne pas habiter pr\u00e8s de routes passantes;<\/li>\n<li>ne pas avoir d&rsquo;historique de pr\u00e9dations par des coyotes ou autres pr\u00e9dateurs;<\/li>\n<li>avoir un refuge isol\u00e9 et chauff\u00e9 pour accueillir l&rsquo;animal.<\/li>\n<\/ul>\n<p>Si vous \u00eates int\u00e9ress\u00e9 par l&rsquo;adoption d&rsquo;un chat de ferme, vous devez remplir ce questionnaire : <strong><a class=\"text-is-blue\" href=\"https:\/\/forms.gle\/5HVVxo21nmAzmjQq9\">FORMULAIRE ADOPTION CHAT DE FERME<\/a>.<\/strong><\/p>\n<p>Une fois re\u00e7u, nous allons analyser votre demande. Lorsqu&rsquo;un chat se qualifie pour le programme, vous serez contact\u00e9 par courriel ou t\u00e9l\u00e9phone. Vous devez \u00eatre disponible pour vous d\u00e9placer dans un d\u00e9lai de 24 heures pour venir adopter l&rsquo;animal suite \u00e0 sa st\u00e9rilisation.<\/p>\n<p>Pour de plus amples informations, contactez-nous au 418-527-9104 #242.<\/p>\n<\/div>\n<\/div>\n<\/div><div class=\"cmsms_toggle_wrap\" data-tags=\"all \">\n<div class=\"cmsms_toggle_title\">\n<span class=\"cmsms_toggle_plus\">\n<span class=\"cmsms_toggle_plus_hor\"><\/span>\n<span class=\"cmsms_toggle_plus_vert\"><\/span>\n<\/span>\n<a href=\"#\">Apr\u00e8s l\u2032adoption <\/a>\n<\/div>\n<div class=\"cmsms_toggle\">\n<div class=\"cmsms_toggle_inner\">\n<p>P\u00e9riode d&rsquo;isolement :<\/p>\n<ul>\n<li>Il est tr\u00e8s important d&rsquo;isoler le chat dans une grange ferm\u00e9e, un garage, une sellerie ou une grande cage \u00e0 chien pour une p\u00e9riode de 2 (minimale) \u00e0 4 (optimale) semaines. Cette p\u00e9riode d&rsquo;isolement est tr\u00e8s importante pour que l&rsquo;animal s&rsquo;acclimate \u00e0 son nouvel environnement et qu&rsquo;il effectue correctement sa convalescence suite \u00e0 sa st\u00e9rilisation. Il comprendra qu&rsquo;\u00e0 cet endroit, de la chaleur et de la nourriture lui sont disponible.<\/li>\n<\/ul>\n<p>Vous devez :<\/p>\n<ul>\n<li>Fournir un endroit chaud et s\u00e9curitaire \u00e9t\u00e9 comme hiver;<\/li>\n<li>De l&rsquo;eau et de la nourriture \u00e0 tous les jours;<\/li>\n<li>Des soins m\u00e9dicaux v\u00e9t\u00e9rinaires au besoin.<\/li>\n<\/ul>\n<\/div>\n<\/div>\n<\/div><\/div>\n<\/div>\n<\/div>\n<\/div>\n<\/div>\n<\/div>\n<\/div>\n<div id=\"cmsms_row_69e1325749514\" class=\"cmsms_row cmsms_color_scheme_default\">\n<div class=\"cmsms_row_outer_parent\">\n<div class=\"cmsms_row_outer\">\n<div class=\"cmsms_row_inner\">\n<div class=\"cmsms_row_margin\">\n<div class=\"cmsms_column one_first\">\n<div class=\"content_slider_wrap\" style=\"max-width:px;\">\n<script type=\"text\/javascript\">jQuery(document).ready(function () { jQuery(\"#cmsms_slider_69e132574957d.content_slider\").owlCarousel( { singleItem : true, transitionStyle: false, rewindSpeed : 1000, slideSpeed : 600, autoHeight : true, paginationSpeed : \t600, autoPlay : 7000,stopOnHover: true, navigationText : \t[ \"<span class=\\\"cmsms_prev_arrow\\\"><span><\/span><\/span>\", \"<span class=\\\"cmsms_next_arrow\\\"><span><\/span><\/span>\" ] } );} );<\/script>\n<div id=\"cmsms_slider_69e132574957d\" class=\"content_slider owl-carousel\">\n<div class=\"item\"><img loading=\"lazy\" decoding=\"async\" width=\"1769\" height=\"655\" src=\"https:\/\/spa-quebec.ca\/ancien-site\/wp-content\/uploads\/2021\/03\/Chats-de-ferme-paysage.jpg\" class=\"attachment-full size-full\" alt=\"\" srcset=\"https:\/\/spa-quebec.ca\/ancien-site\/wp-content\/uploads\/2021\/03\/Chats-de-ferme-paysage.jpg 1769w, https:\/\/spa-quebec.ca\/ancien-site\/wp-content\/uploads\/2021\/03\/Chats-de-ferme-paysage-300x111.jpg 300w, https:\/\/spa-quebec.ca\/ancien-site\/wp-content\/uploads\/2021\/03\/Chats-de-ferme-paysage-768x284.jpg 768w, https:\/\/spa-quebec.ca\/ancien-site\/wp-content\/uploads\/2021\/03\/Chats-de-ferme-paysage-1024x379.jpg 1024w, https:\/\/spa-quebec.ca\/ancien-site\/wp-content\/uploads\/2021\/03\/Chats-de-ferme-paysage-580x215.jpg 580w, https:\/\/spa-quebec.ca\/ancien-site\/wp-content\/uploads\/2021\/03\/Chats-de-ferme-paysage-820x304.jpg 820w, https:\/\/spa-quebec.ca\/ancien-site\/wp-content\/uploads\/2021\/03\/Chats-de-ferme-paysage-1160x430.jpg 1160w\" sizes=\"auto, (max-width: 1769px) 100vw, 1769px\" \/><\/div><\/div>\n<\/div>\n<\/div>\n<\/div>\n<\/div>\n<\/div>\n<\/div>\n<\/div>\n\n\n\n<p>&nbsp;<\/p>\n","protected":false},"excerpt":{"rendered":"<p>&nbsp;<\/p>\n","protected":false},"author":21,"featured_media":0,"parent":0,"menu_order":0,"comment_status":"closed","ping_status":"closed","template":"","meta":{"_acf_changed":false,"footnotes":""},"class_list":["post-7915","page","type-page","status-publish","hentry"],"acf":[],"_links":{"self":[{"href":"https:\/\/spa-quebec.ca\/ancien-site\/wp-json\/wp\/v2\/pages\/7915","targetHints":{"allow":["GET"]}}],"collection":[{"href":"https:\/\/spa-quebec.ca\/ancien-site\/wp-json\/wp\/v2\/pages"}],"about":[{"href":"https:\/\/spa-quebec.ca\/ancien-site\/wp-json\/wp\/v2\/types\/page"}],"author":[{"embeddable":true,"href":"https:\/\/spa-quebec.ca\/ancien-site\/wp-json\/wp\/v2\/users\/21"}],"replies":[{"embeddable":true,"href":"https:\/\/spa-quebec.ca\/ancien-site\/wp-json\/wp\/v2\/comments?post=7915"}],"version-history":[{"count":2,"href":"https:\/\/spa-quebec.ca\/ancien-site\/wp-json\/wp\/v2\/pages\/7915\/revisions"}],"predecessor-version":[{"id":10255,"href":"https:\/\/spa-quebec.ca\/ancien-site\/wp-json\/wp\/v2\/pages\/7915\/revisions\/10255"}],"wp:attachment":[{"href":"https:\/\/spa-quebec.ca\/ancien-site\/wp-json\/wp\/v2\/media?parent=7915"}],"curies":[{"name":"wp","href":"https:\/\/api.w.org\/{rel}","templated":true}]}}